{"id":1144,"date":"2019-04-23T11:05:43","date_gmt":"2019-04-23T09:05:43","guid":{"rendered":"http:\/\/www.loszapateros.de\/?page_id=1144"},"modified":"2019-04-23T11:05:44","modified_gmt":"2019-04-23T09:05:44","slug":"16-usa-texas-eurotrip","status":"publish","type":"page","link":"https:\/\/www.loszapateros.de\/?page_id=1144","title":{"rendered":"16 USA &#8211; Texas &#038; Eurotrip"},"content":{"rendered":"<p>Transamerika-Reise\u00a0 <img loading=\"lazy\" decoding=\"async\" width=\"9\" height=\"9\" class=\"wp-image-1145\" src=\"http:\/\/www.loszapateros.de\/wp-content\/uploads\/2019\/04\/arrow-30.png\" alt=\"arrow\" \/> \u00a0USA\u00a0 <img loading=\"lazy\" decoding=\"async\" width=\"9\" height=\"9\" class=\"wp-image-1146\" src=\"http:\/\/www.loszapateros.de\/wp-content\/uploads\/2019\/04\/arrow-31.png\" alt=\"arrow\" \/> \u00a0USA &#8211; Eurotrip<\/p>\n<table>\n<tbody>\n<tr>\n<td>\n<table>\n<tbody>\n<tr>\n<td>USA &#8211; Eurotrip<\/td>\n<\/tr>\n<\/tbody>\n<\/table>\n<table>\n<tbody>\n<tr>\n<td>Geschrieben von Administrator<\/td>\n<\/tr>\n<tr>\n<td>04. J\u00e4nner 2012 um 23:15<\/td>\n<\/tr>\n<tr>\n<td>\n<strong>Reisebericht 16<\/p>\n<p>Donnerstag, 24.11.2011<\/strong><\/p>\n<p>Es ist Thanksgiving. Franzi (eine ausgewanderte Deutsche) ist bereits seit 3 Tagen mit kochen besch\u00e4ftigt. Das Ergebnis spricht f\u00fcr sich und das Essen \u00fcbertrifft alle Erwartungen (Vorallem die der Amerikaner!)<br \/>\n<img loading=\"lazy\" decoding=\"async\" width=\"480\" height=\"717\" class=\"wp-image-1147\" src=\"http:\/\/www.loszapateros.de\/wp-content\/uploads\/2019\/04\/image-730.jpeg\" alt=\"Image\" srcset=\"https:\/\/www.loszapateros.de\/wp-content\/uploads\/2019\/04\/image-730.jpeg 480w, https:\/\/www.loszapateros.de\/wp-content\/uploads\/2019\/04\/image-730-201x300.jpeg 201w\" sizes=\"auto, (max-width: 480px) 100vw, 480px\" \/> DSC_4579<br \/>\n<img loading=\"lazy\" decoding=\"async\" width=\"480\" height=\"321\" class=\"wp-image-1148\" src=\"http:\/\/www.loszapateros.de\/wp-content\/uploads\/2019\/04\/image-731.jpeg\" alt=\"Image\" srcset=\"https:\/\/www.loszapateros.de\/wp-content\/uploads\/2019\/04\/image-731.jpeg 480w, https:\/\/www.loszapateros.de\/wp-content\/uploads\/2019\/04\/image-731-300x201.jpeg 300w\" sizes=\"auto, (max-width: 480px) 100vw, 480px\" \/> DSC_4594<\/p>\n<p>Anschlie\u00dfend zeigt uns Franzi das total verr\u00fcckte &#8222;Black Friday&#8220;-Shopping. Die L\u00e4den bieten besondere &#8222;Schn\u00e4ppchen&#8220; an, die oft \u00fcberhaupt keine sind. Den Leuten ist das egal, die sind im Kaufrausch! Auf dem nachfolgenden Bild sieht man das Ende der Schlange und den Beginn. Einmal um das gesamte Geb\u00e4ude!!! Wir finden das total bekloppt \ud83d\ude42<br \/>\n<img loading=\"lazy\" decoding=\"async\" width=\"480\" height=\"321\" class=\"wp-image-1149\" src=\"http:\/\/www.loszapateros.de\/wp-content\/uploads\/2019\/04\/image-732.jpeg\" alt=\"Image\" srcset=\"https:\/\/www.loszapateros.de\/wp-content\/uploads\/2019\/04\/image-732.jpeg 480w, https:\/\/www.loszapateros.de\/wp-content\/uploads\/2019\/04\/image-732-300x201.jpeg 300w\" sizes=\"auto, (max-width: 480px) 100vw, 480px\" \/> DSC_4621<\/p>\n<p><strong>Freitag, 25.11.2011<\/strong><\/p>\n<p>Die Reise geht weiter. Aber nicht wie erwartet in Richtung Mexico&#8230; Nein, da wir immer f\u00fcr eine \u00dcberraschung gut sind ist unser n\u00e4chstes Ziel der Flughafen Dallas Lovefield. N\u00e4chste Station: Europa!!!<\/p>\n<p>Bereits vor l\u00e4ngerer Zeit hatten wir einen Flug nach Deutschland gebucht, da wir Weihnachten und Silvester mit Familie und Freunden verbringen wollten. Aus den geplanten 2 Wochen Heimaturlaub werden 5, da unser Visum f\u00fcr die USA abgelaufen ist.<\/p>\n<p>Wir fliegen von Dallas nach Memphis, von Memphis nach Amsterdam, tja, und da verlassen wir auch schon unser Flugzeug. Wie es der Zufall will sind 4 unserer besten Freunde gerade \u00fcbers Wochenende in Amsterdam. Au\u00dfer dem von uns eingeweihten Geheimagenten 000elmaier<br \/>\n<img loading=\"lazy\" decoding=\"async\" width=\"480\" height=\"360\" class=\"wp-image-1150\" src=\"http:\/\/www.loszapateros.de\/wp-content\/uploads\/2019\/04\/image-733.jpeg\" alt=\"Image\" srcset=\"https:\/\/www.loszapateros.de\/wp-content\/uploads\/2019\/04\/image-733.jpeg 480w, https:\/\/www.loszapateros.de\/wp-content\/uploads\/2019\/04\/image-733-300x225.jpeg 300w\" sizes=\"auto, (max-width: 480px) 100vw, 480px\" \/> DSC_1981 (Amsterdam)<br \/>\nahnen die anderen nichts, und so blicken wir in ebenso ungl\u00e4ubige wie auch freudige Gesichter, als wir pl\u00f6tzlich vor dem Hausboot am Osterdock stehen.<\/p>\n<p>Wir verbringen die n\u00e4chsten 3 Tage mit Sightseeing, bummeln, essen gehen, partysieren und was man halt sonst so in Amsterdam macht&#8230;<br \/>\n<img loading=\"lazy\" decoding=\"async\" width=\"480\" height=\"640\" class=\"wp-image-1151\" src=\"http:\/\/www.loszapateros.de\/wp-content\/uploads\/2019\/04\/image-734.jpeg\" alt=\"Image\" srcset=\"https:\/\/www.loszapateros.de\/wp-content\/uploads\/2019\/04\/image-734.jpeg 480w, https:\/\/www.loszapateros.de\/wp-content\/uploads\/2019\/04\/image-734-225x300.jpeg 225w\" sizes=\"auto, (max-width: 480px) 100vw, 480px\" \/> DSC_2002 (Amsterdam)<br \/>\n<img loading=\"lazy\" decoding=\"async\" width=\"480\" height=\"360\" class=\"wp-image-1152\" src=\"http:\/\/www.loszapateros.de\/wp-content\/uploads\/2019\/04\/image-735.jpeg\" alt=\"Image\" srcset=\"https:\/\/www.loszapateros.de\/wp-content\/uploads\/2019\/04\/image-735.jpeg 480w, https:\/\/www.loszapateros.de\/wp-content\/uploads\/2019\/04\/image-735-300x225.jpeg 300w\" sizes=\"auto, (max-width: 480px) 100vw, 480px\" \/> DSC_2024<\/p>\n<p><strong>Dienstag, 29.11.2011<\/strong><\/p>\n<p>Wir setzen unseren Euro-Trip fort. Philip hat sich spontan einen Rechtslenker Subaru aus England gekauft, der muss jetzt abgeholt werden. Wir steigen also ein weiteres Mal in den Flieger und ab gehts nach London.<br \/>\n<img loading=\"lazy\" decoding=\"async\" width=\"480\" height=\"360\" class=\"wp-image-1153\" src=\"http:\/\/www.loszapateros.de\/wp-content\/uploads\/2019\/04\/image-736.jpeg\" alt=\"Image\" srcset=\"https:\/\/www.loszapateros.de\/wp-content\/uploads\/2019\/04\/image-736.jpeg 480w, https:\/\/www.loszapateros.de\/wp-content\/uploads\/2019\/04\/image-736-300x225.jpeg 300w\" sizes=\"auto, (max-width: 480px) 100vw, 480px\" \/> DSC_2043 (London)<\/p>\n<p>Am Mittag fahren wir mit dem Subaru nach Hause. Lange Strecken sind wir ja inzwischen gewohnt \ud83d\ude09<\/p>\n<p><strong>Mittwoch, 30.11.2011 bis Mittwoch, 04.01.2012<\/strong><\/p>\n<p>Philip baut aus dem Rechtslenker innerhalb von 3 Wochen einen Linkslenker:<br \/>\n<img loading=\"lazy\" decoding=\"async\" width=\"480\" height=\"360\" class=\"wp-image-1154\" src=\"http:\/\/www.loszapateros.de\/wp-content\/uploads\/2019\/04\/image-737.jpeg\" alt=\"Image\" srcset=\"https:\/\/www.loszapateros.de\/wp-content\/uploads\/2019\/04\/image-737.jpeg 480w, https:\/\/www.loszapateros.de\/wp-content\/uploads\/2019\/04\/image-737-300x225.jpeg 300w\" sizes=\"auto, (max-width: 480px) 100vw, 480px\" \/> DSCN_2100<br \/>\n<img loading=\"lazy\" decoding=\"async\" width=\"480\" height=\"195\" class=\"wp-image-1155\" src=\"http:\/\/www.loszapateros.de\/wp-content\/uploads\/2019\/04\/image-738.jpeg\" alt=\"Image\" srcset=\"https:\/\/www.loszapateros.de\/wp-content\/uploads\/2019\/04\/image-738.jpeg 480w, https:\/\/www.loszapateros.de\/wp-content\/uploads\/2019\/04\/image-738-300x122.jpeg 300w\" sizes=\"auto, (max-width: 480px) 100vw, 480px\" \/> DSC_Vorher_Nachher3<\/p>\n<p>Jessi verbringt viel Zeit auf dem geliebten heimatlichen Sofa und mit Freundinnen auf dem Weihnachtsmarkt (manchmal auch mit Philip \ud83d\ude42 ):<br \/>\n<img loading=\"lazy\" decoding=\"async\" width=\"480\" height=\"360\" class=\"wp-image-1156\" src=\"http:\/\/www.loszapateros.de\/wp-content\/uploads\/2019\/04\/image-739.jpeg\" alt=\"Image\" srcset=\"https:\/\/www.loszapateros.de\/wp-content\/uploads\/2019\/04\/image-739.jpeg 480w, https:\/\/www.loszapateros.de\/wp-content\/uploads\/2019\/04\/image-739-300x225.jpeg 300w\" sizes=\"auto, (max-width: 480px) 100vw, 480px\" \/> DSCN_2071<\/p>\n<p>Das Weihnachtsfest verbringen wir im Kreis der Familie&#8230;<br \/>\n<img loading=\"lazy\" decoding=\"async\" width=\"480\" height=\"360\" class=\"wp-image-1157\" src=\"http:\/\/www.loszapateros.de\/wp-content\/uploads\/2019\/04\/image-740.jpeg\" alt=\"Image\" srcset=\"https:\/\/www.loszapateros.de\/wp-content\/uploads\/2019\/04\/image-740.jpeg 480w, https:\/\/www.loszapateros.de\/wp-content\/uploads\/2019\/04\/image-740-300x225.jpeg 300w\" sizes=\"auto, (max-width: 480px) 100vw, 480px\" \/><\/p>\n<p>&#8230;und Silvester mit unseren Freunden im Ferienhaus am Bodensee<br \/>\n<img loading=\"lazy\" decoding=\"async\" width=\"480\" height=\"360\" class=\"wp-image-1158\" src=\"http:\/\/www.loszapateros.de\/wp-content\/uploads\/2019\/04\/image-741.jpeg\" alt=\"Image\" srcset=\"https:\/\/www.loszapateros.de\/wp-content\/uploads\/2019\/04\/image-741.jpeg 480w, https:\/\/www.loszapateros.de\/wp-content\/uploads\/2019\/04\/image-741-300x225.jpeg 300w\" sizes=\"auto, (max-width: 480px) 100vw, 480px\" \/> DSCN_2242<br \/>\n<img loading=\"lazy\" decoding=\"async\" width=\"480\" height=\"360\" class=\"wp-image-1159\" src=\"http:\/\/www.loszapateros.de\/wp-content\/uploads\/2019\/04\/image-742.jpeg\" alt=\"Image\" srcset=\"https:\/\/www.loszapateros.de\/wp-content\/uploads\/2019\/04\/image-742.jpeg 480w, https:\/\/www.loszapateros.de\/wp-content\/uploads\/2019\/04\/image-742-300x225.jpeg 300w\" sizes=\"auto, (max-width: 480px) 100vw, 480px\" \/> DSCN_0832<\/p>\n<p>Die 5 Wochen vergehen wie im Flug. Und dann geht&#8217;s auch schon wieder zur\u00fcck in die Staaten. Am 3. Januar sind wir wieder bei Scott und Franzi in Dallas, wo wir wieder mit unglaublich gutem Essen verw\u00f6hnt werden:<br \/>\n<img loading=\"lazy\" decoding=\"async\" width=\"480\" height=\"855\" class=\"wp-image-1160\" src=\"http:\/\/www.loszapateros.de\/wp-content\/uploads\/2019\/04\/image-743.jpeg\" alt=\"Image\" srcset=\"https:\/\/www.loszapateros.de\/wp-content\/uploads\/2019\/04\/image-743.jpeg 480w, https:\/\/www.loszapateros.de\/wp-content\/uploads\/2019\/04\/image-743-168x300.jpeg 168w\" sizes=\"auto, (max-width: 480px) 100vw, 480px\" \/> DSC_Franziessen<\/p>\n<p>Der Toyota bekommt aufgrund einer lecken Wasserpumpe eine neue spendiert. Ausserdem erledigt Philip den F\u00e4lligen Zahnriemenwechsel auch gleich. Anschlie\u00dfend bekommt er noch einen extra aus Deutschland importierten \u00d6lfilter (mit \u00d6lwechsel) und Luftfilter.<br \/>\n<img loading=\"lazy\" decoding=\"async\" width=\"480\" height=\"270\" class=\"wp-image-1161\" src=\"http:\/\/www.loszapateros.de\/wp-content\/uploads\/2019\/04\/image-744.jpeg\" alt=\"Image\" srcset=\"https:\/\/www.loszapateros.de\/wp-content\/uploads\/2019\/04\/image-744.jpeg 480w, https:\/\/www.loszapateros.de\/wp-content\/uploads\/2019\/04\/image-744-300x169.jpeg 300w\" sizes=\"auto, (max-width: 480px) 100vw, 480px\" \/> DSC_Toyota1<br \/>\n<img loading=\"lazy\" decoding=\"async\" width=\"480\" height=\"855\" class=\"wp-image-1162\" src=\"http:\/\/www.loszapateros.de\/wp-content\/uploads\/2019\/04\/image-745.jpeg\" alt=\"Image\" srcset=\"https:\/\/www.loszapateros.de\/wp-content\/uploads\/2019\/04\/image-745.jpeg 480w, https:\/\/www.loszapateros.de\/wp-content\/uploads\/2019\/04\/image-745-168x300.jpeg 168w\" sizes=\"auto, (max-width: 480px) 100vw, 480px\" \/> DSC_Toyota2<br \/>\n<img loading=\"lazy\" decoding=\"async\" width=\"480\" height=\"270\" class=\"wp-image-1163\" src=\"http:\/\/www.loszapateros.de\/wp-content\/uploads\/2019\/04\/image-746.jpeg\" alt=\"Image\" srcset=\"https:\/\/www.loszapateros.de\/wp-content\/uploads\/2019\/04\/image-746.jpeg 480w, https:\/\/www.loszapateros.de\/wp-content\/uploads\/2019\/04\/image-746-300x169.jpeg 300w\" sizes=\"auto, (max-width: 480px) 100vw, 480px\" \/> DSC_Toyota3<\/p>\n<p>Kein Schraubstock zur Hand, um den Zahnriemenspanner zu spannen??? Kein Problem:<br \/>\n<img loading=\"lazy\" decoding=\"async\" width=\"480\" height=\"270\" class=\"wp-image-1164\" src=\"http:\/\/www.loszapateros.de\/wp-content\/uploads\/2019\/04\/image-747.jpeg\" alt=\"Image\" srcset=\"https:\/\/www.loszapateros.de\/wp-content\/uploads\/2019\/04\/image-747.jpeg 480w, https:\/\/www.loszapateros.de\/wp-content\/uploads\/2019\/04\/image-747-300x169.jpeg 300w\" sizes=\"auto, (max-width: 480px) 100vw, 480px\" \/> DSC_Schraubstock<\/p>\n<p>Am Abend gehen wir noch gem\u00fctlich mit Franzi, Scott und ein paar Freunden zum Essen.<\/p>\n<p><strong>Im n\u00e4chsten Reisebericht sind wir dann schon in Mexiko!! <\/strong><\/td>\n<\/tr>\n<tr>\n<td>Zuletzt \u00fcberarbeitet ( 05. J\u00e4nner 2012 um 16:51 )<\/td>\n<\/tr>\n<\/tbody>\n<\/table>\n<\/td>\n<\/tr>\n<\/tbody>\n<\/table>\n","protected":false},"excerpt":{"rendered":"<p>Transamerika-Reise\u00a0 \u00a0USA\u00a0 \u00a0USA &#8211; Eurotrip USA &#8211; Eurotrip Geschrieben von Administrator 04. J\u00e4nner 2012 um 23:15 Reisebericht 16 Donnerstag, 24.11.2011 Es ist Thanksgiving. Franzi (eine ausgewanderte Deutsche) ist bereits seit 3 Tagen mit kochen besch\u00e4ftigt. Das Ergebnis spricht f\u00fcr sich und das Essen \u00fcbertrifft alle Erwartungen (Vorallem die der Amerikaner!)<a class=\"moretag\" href=\"https:\/\/www.loszapateros.de\/?page_id=1144\"> Weiterlesen<\/a><\/p>\n","protected":false},"author":1,"featured_media":0,"parent":0,"menu_order":0,"comment_status":"closed","ping_status":"closed","template":"","meta":{"footnotes":""},"class_list":["post-1144","page","type-page","status-publish","hentry"],"_links":{"self":[{"href":"https:\/\/www.loszapateros.de\/index.php?rest_route=\/wp\/v2\/pages\/1144","targetHints":{"allow":["GET"]}}],"collection":[{"href":"https:\/\/www.loszapateros.de\/index.php?rest_route=\/wp\/v2\/pages"}],"about":[{"href":"https:\/\/www.loszapateros.de\/index.php?rest_route=\/wp\/v2\/types\/page"}],"author":[{"embeddable":true,"href":"https:\/\/www.loszapateros.de\/index.php?rest_route=\/wp\/v2\/users\/1"}],"replies":[{"embeddable":true,"href":"https:\/\/www.loszapateros.de\/index.php?rest_route=%2Fwp%2Fv2%2Fcomments&post=1144"}],"version-history":[{"count":1,"href":"https:\/\/www.loszapateros.de\/index.php?rest_route=\/wp\/v2\/pages\/1144\/revisions"}],"predecessor-version":[{"id":1166,"href":"https:\/\/www.loszapateros.de\/index.php?rest_route=\/wp\/v2\/pages\/1144\/revisions\/1166"}],"wp:attachment":[{"href":"https:\/\/www.loszapateros.de\/index.php?rest_route=%2Fwp%2Fv2%2Fmedia&parent=1144"}],"curies":[{"name":"wp","href":"https:\/\/api.w.org\/{rel}","templated":true}]}}