{"id":1282,"date":"2019-04-23T11:11:51","date_gmt":"2019-04-23T09:11:51","guid":{"rendered":"http:\/\/www.loszapateros.de\/?page_id=1282"},"modified":"2019-04-23T11:11:52","modified_gmt":"2019-04-23T09:11:52","slug":"19-mexico-baja-california-sur","status":"publish","type":"page","link":"https:\/\/www.loszapateros.de\/?page_id=1282","title":{"rendered":"19 Mexico &#8211; Baja California Sur"},"content":{"rendered":"<p>Transamerika-Reise\u00a0 <img loading=\"lazy\" decoding=\"async\" width=\"9\" height=\"9\" class=\"wp-image-1283\" src=\"http:\/\/www.loszapateros.de\/wp-content\/uploads\/2019\/04\/arrow-38.png\" alt=\"arrow\" \/> \u00a0Mexico\u00a0 <img loading=\"lazy\" decoding=\"async\" width=\"9\" height=\"9\" class=\"wp-image-1284\" src=\"http:\/\/www.loszapateros.de\/wp-content\/uploads\/2019\/04\/arrow-39.png\" alt=\"arrow\" \/> \u00a0Mexico &#8211; Baja California Sur<\/p>\n<table>\n<tbody>\n<tr>\n<td>Mexico &#8211; Baja California Sur<\/td>\n<\/tr>\n<\/tbody>\n<\/table>\n<table>\n<tbody>\n<tr>\n<td>Geschrieben von Administrator<\/td>\n<\/tr>\n<tr>\n<td>31. J\u00e4nner 2012 um 05:12<\/td>\n<\/tr>\n<tr>\n<td><strong>Reisebericht 19<\/strong><\/p>\n<p><strong><br \/>\nSamstag, 14.01.2012<\/strong><\/p>\n<p>Wir \u00fcberqueren die Grenze zwischen der Baja Norte und der Baja Sur. Ob wir Obst oder Gem\u00fcse dabei h\u00e4tten, fragen uns die Beamten. Wir erw\u00e4hnen die Bananen, den Rest verschweigen wir. Wir d\u00fcrfen passieren, werden von unten noch mit irgendeinem Zeug bespr\u00fcht. Manche lassen sie daf\u00fcr auch bezahlen, uns aber zum Gl\u00fcck nicht. Wir sind jetzt in einer neuen Zeitzone und gewinnen eine Stunde.<\/p>\n<p>Am sp\u00e4ten Nachmittag erreichen wir Guerrero Negro. Auf der Suche nach der Laguna Ojo de Liebre verfahren wir uns erstmal. Als wir schlie\u00dflich dort ankommen ist es dunkel. Es gibt einen g\u00fcnstigen Campingplatz (etwas mehr als 3 Euro kostet der). Der hat allerdings auch nichts zu bieten und wir sind &#8211; wie so oft &#8211; hundsmiserabel ausgestattet: kein Wasser im Tank, kein Benzin im Gaskocher, kaum was zu essen und duschen w\u00fcrden wir auch gerne mal wieder. Wir beschlie\u00dfen zur\u00fcck in die Stadt zu fahren und dort einen Campingplatz anzufahren, der besser ausgestattet ist. Dort treffen wir auch Benni und Steffi wieder, mit denen wir den Abend frisch geduscht in deren LKW ausklingen lassen.<\/p>\n<p><strong>Sonntag, 15.01.2012<\/strong><\/p>\n<p>Steffi hat Brot gebacken und wir fr\u00fchst\u00fccken gemeinsam<br \/>\n<img loading=\"lazy\" decoding=\"async\" width=\"480\" height=\"321\" class=\"wp-image-1285\" src=\"http:\/\/www.loszapateros.de\/wp-content\/uploads\/2019\/04\/image-847.jpeg\" alt=\"Image\" srcset=\"https:\/\/www.loszapateros.de\/wp-content\/uploads\/2019\/04\/image-847.jpeg 480w, https:\/\/www.loszapateros.de\/wp-content\/uploads\/2019\/04\/image-847-300x201.jpeg 300w\" sizes=\"auto, (max-width: 480px) 100vw, 480px\" \/> DSC_1947<\/p>\n<p>Der Platz<br \/>\n<img loading=\"lazy\" decoding=\"async\" width=\"480\" height=\"321\" class=\"wp-image-1286\" src=\"http:\/\/www.loszapateros.de\/wp-content\/uploads\/2019\/04\/image-848.jpeg\" alt=\"Image\" srcset=\"https:\/\/www.loszapateros.de\/wp-content\/uploads\/2019\/04\/image-848.jpeg 480w, https:\/\/www.loszapateros.de\/wp-content\/uploads\/2019\/04\/image-848-300x201.jpeg 300w\" sizes=\"auto, (max-width: 480px) 100vw, 480px\" \/> DSC_1948<\/p>\n<p>Sp\u00e4ter f\u00fcllen unsere Wasservorr\u00e4te auf, gehen einkaufen, tanken, Geld holen und W\u00e4sche waschen.<br \/>\n<img loading=\"lazy\" decoding=\"async\" width=\"480\" height=\"321\" class=\"wp-image-1287\" src=\"http:\/\/www.loszapateros.de\/wp-content\/uploads\/2019\/04\/image-849.jpeg\" alt=\"Image\" srcset=\"https:\/\/www.loszapateros.de\/wp-content\/uploads\/2019\/04\/image-849.jpeg 480w, https:\/\/www.loszapateros.de\/wp-content\/uploads\/2019\/04\/image-849-300x201.jpeg 300w\" sizes=\"auto, (max-width: 480px) 100vw, 480px\" \/> DSC_1940<\/p>\n<p>Dann fahren wir mit Benni und Steffi in die Lagune. Hier wird \u00fcberall Salz abgebaut<br \/>\n<img loading=\"lazy\" decoding=\"async\" width=\"480\" height=\"718\" class=\"wp-image-1288\" src=\"http:\/\/www.loszapateros.de\/wp-content\/uploads\/2019\/04\/image-850.jpeg\" alt=\"Image\" srcset=\"https:\/\/www.loszapateros.de\/wp-content\/uploads\/2019\/04\/image-850.jpeg 480w, https:\/\/www.loszapateros.de\/wp-content\/uploads\/2019\/04\/image-850-201x300.jpeg 201w\" sizes=\"auto, (max-width: 480px) 100vw, 480px\" \/> DSC_1949<br \/>\n<img loading=\"lazy\" decoding=\"async\" width=\"480\" height=\"321\" class=\"wp-image-1289\" src=\"http:\/\/www.loszapateros.de\/wp-content\/uploads\/2019\/04\/image-851.jpeg\" alt=\"Image\" srcset=\"https:\/\/www.loszapateros.de\/wp-content\/uploads\/2019\/04\/image-851.jpeg 480w, https:\/\/www.loszapateros.de\/wp-content\/uploads\/2019\/04\/image-851-300x201.jpeg 300w\" sizes=\"auto, (max-width: 480px) 100vw, 480px\" \/> DSC_1955<\/p>\n<p>Philip f\u00e4hrt bei Benni im LKW mit und beschlie\u00dft, dass so ein Ding als Reisefahrzeug f\u00fcr uns nicht in Frage kommt &#8211; viiiiiel zu langsam. So langsam kann Jessi, die mit Steffi im Toyota vorausf\u00e4hrt, kaum fahren :-).<br \/>\n<img loading=\"lazy\" decoding=\"async\" width=\"480\" height=\"321\" class=\"wp-image-1290\" src=\"http:\/\/www.loszapateros.de\/wp-content\/uploads\/2019\/04\/image-852.jpeg\" alt=\"Image\" srcset=\"https:\/\/www.loszapateros.de\/wp-content\/uploads\/2019\/04\/image-852.jpeg 480w, https:\/\/www.loszapateros.de\/wp-content\/uploads\/2019\/04\/image-852-300x201.jpeg 300w\" sizes=\"auto, (max-width: 480px) 100vw, 480px\" \/> DSC_1964<br \/>\n<img loading=\"lazy\" decoding=\"async\" width=\"480\" height=\"321\" class=\"wp-image-1291\" src=\"http:\/\/www.loszapateros.de\/wp-content\/uploads\/2019\/04\/image-853.jpeg\" alt=\"Image\" srcset=\"https:\/\/www.loszapateros.de\/wp-content\/uploads\/2019\/04\/image-853.jpeg 480w, https:\/\/www.loszapateros.de\/wp-content\/uploads\/2019\/04\/image-853-300x201.jpeg 300w\" sizes=\"auto, (max-width: 480px) 100vw, 480px\" \/> DSC_1969<\/p>\n<p>Wir suchen uns ein nettes Pl\u00e4tzchen und essen zu Abend<br \/>\n<img loading=\"lazy\" decoding=\"async\" width=\"480\" height=\"321\" class=\"wp-image-1292\" src=\"http:\/\/www.loszapateros.de\/wp-content\/uploads\/2019\/04\/image-854.jpeg\" alt=\"Image\" srcset=\"https:\/\/www.loszapateros.de\/wp-content\/uploads\/2019\/04\/image-854.jpeg 480w, https:\/\/www.loszapateros.de\/wp-content\/uploads\/2019\/04\/image-854-300x201.jpeg 300w\" sizes=\"auto, (max-width: 480px) 100vw, 480px\" \/> DSC_2343<\/p>\n<p>Vom Ufer aus kann man in der Ferne die Font\u00e4nen der Wale sehen. Wenn man am Meer steht h\u00f6rt es sich an, als w\u00fcrde das Meer atmen &#8211; einfach nur faszinierend. Bis zur sp\u00e4ten Stunde sitzen wir gem\u00fctlich am Lagerfeuer.<\/p>\n<p><strong>Montag, 16.01.2012<\/strong><\/p>\n<p>Nach dem Fr\u00fchst\u00fcck (es gibt mal wieder lecker selbstgebackenes Brot von Steffi) gehen wir auf &#8222;Walsafari&#8220;. 1000 Pesos (58\u20ac) kostet uns der Spa\u00df, aber der Gedanke daran Wale aus n\u00e4chster N\u00e4he zu sehen l\u00e4sst uns unseren Geiz f\u00fcr kurze Zeit \u00fcberwinden. Mit 4 weiteren Touris fahren wir in einem kleinen Boot raus in die Bucht. \u00dcberall um uns herum sind Grauwale, ein unvergessliches Erlebnis!<br \/>\n<img loading=\"lazy\" decoding=\"async\" width=\"480\" height=\"321\" class=\"wp-image-1293\" src=\"http:\/\/www.loszapateros.de\/wp-content\/uploads\/2019\/04\/image-855.jpeg\" alt=\"Image\" srcset=\"https:\/\/www.loszapateros.de\/wp-content\/uploads\/2019\/04\/image-855.jpeg 480w, https:\/\/www.loszapateros.de\/wp-content\/uploads\/2019\/04\/image-855-300x201.jpeg 300w\" sizes=\"auto, (max-width: 480px) 100vw, 480px\" \/> DSC_1980<br \/>\n<img loading=\"lazy\" decoding=\"async\" width=\"480\" height=\"321\" class=\"wp-image-1294\" src=\"http:\/\/www.loszapateros.de\/wp-content\/uploads\/2019\/04\/image-856.jpeg\" alt=\"Image\" srcset=\"https:\/\/www.loszapateros.de\/wp-content\/uploads\/2019\/04\/image-856.jpeg 480w, https:\/\/www.loszapateros.de\/wp-content\/uploads\/2019\/04\/image-856-300x201.jpeg 300w\" sizes=\"auto, (max-width: 480px) 100vw, 480px\" \/> DSC_2233<br \/>\n<img loading=\"lazy\" decoding=\"async\" width=\"480\" height=\"321\" class=\"wp-image-1295\" src=\"http:\/\/www.loszapateros.de\/wp-content\/uploads\/2019\/04\/image-857.jpeg\" alt=\"Image\" srcset=\"https:\/\/www.loszapateros.de\/wp-content\/uploads\/2019\/04\/image-857.jpeg 480w, https:\/\/www.loszapateros.de\/wp-content\/uploads\/2019\/04\/image-857-300x201.jpeg 300w\" sizes=\"auto, (max-width: 480px) 100vw, 480px\" \/> DSC_2248<br \/>\n<img loading=\"lazy\" decoding=\"async\" width=\"480\" height=\"321\" class=\"wp-image-1296\" src=\"http:\/\/www.loszapateros.de\/wp-content\/uploads\/2019\/04\/image-858.jpeg\" alt=\"Image\" srcset=\"https:\/\/www.loszapateros.de\/wp-content\/uploads\/2019\/04\/image-858.jpeg 480w, https:\/\/www.loszapateros.de\/wp-content\/uploads\/2019\/04\/image-858-300x201.jpeg 300w\" sizes=\"auto, (max-width: 480px) 100vw, 480px\" \/> DSC_2268<br \/>\n<img loading=\"lazy\" decoding=\"async\" width=\"480\" height=\"360\" class=\"wp-image-1297\" src=\"http:\/\/www.loszapateros.de\/wp-content\/uploads\/2019\/04\/image-859.jpeg\" alt=\"Image\" srcset=\"https:\/\/www.loszapateros.de\/wp-content\/uploads\/2019\/04\/image-859.jpeg 480w, https:\/\/www.loszapateros.de\/wp-content\/uploads\/2019\/04\/image-859-300x225.jpeg 300w\" sizes=\"auto, (max-width: 480px) 100vw, 480px\" \/> DSC_2270<\/p>\n<p>2 Stunden und hunderte von Fotos sp\u00e4ter kehren wir wieder zur\u00fcck an Land. Hier ist ein Walskelett ausgestellt. Die Tiere werden bis zu 40 Tonnen schwer, 15 Meter lang und 70 Jahre alt.<br \/>\n<img loading=\"lazy\" decoding=\"async\" width=\"480\" height=\"321\" class=\"wp-image-1298\" src=\"http:\/\/www.loszapateros.de\/wp-content\/uploads\/2019\/04\/image-860.jpeg\" alt=\"Image\" srcset=\"https:\/\/www.loszapateros.de\/wp-content\/uploads\/2019\/04\/image-860.jpeg 480w, https:\/\/www.loszapateros.de\/wp-content\/uploads\/2019\/04\/image-860-300x201.jpeg 300w\" sizes=\"auto, (max-width: 480px) 100vw, 480px\" \/> DSC_2290<\/p>\n<p>Nach diesem Erlebnis haben wir erstmal Hunger. Wir backen gef\u00fcllte Teigtaschen nach Steffis Rezept (sie zeigt uns auch wie man Brot in der Pfanne backen kann)<br \/>\n<img loading=\"lazy\" decoding=\"async\" width=\"480\" height=\"718\" class=\"wp-image-1299\" src=\"http:\/\/www.loszapateros.de\/wp-content\/uploads\/2019\/04\/image-861.jpeg\" alt=\"Image\" srcset=\"https:\/\/www.loszapateros.de\/wp-content\/uploads\/2019\/04\/image-861.jpeg 480w, https:\/\/www.loszapateros.de\/wp-content\/uploads\/2019\/04\/image-861-201x300.jpeg 201w\" sizes=\"auto, (max-width: 480px) 100vw, 480px\" \/> DSC_2297<br \/>\n<img loading=\"lazy\" decoding=\"async\" width=\"480\" height=\"718\" class=\"wp-image-1300\" src=\"http:\/\/www.loszapateros.de\/wp-content\/uploads\/2019\/04\/image-862.jpeg\" alt=\"Image\" srcset=\"https:\/\/www.loszapateros.de\/wp-content\/uploads\/2019\/04\/image-862.jpeg 480w, https:\/\/www.loszapateros.de\/wp-content\/uploads\/2019\/04\/image-862-201x300.jpeg 201w\" sizes=\"auto, (max-width: 480px) 100vw, 480px\" \/> DSC_2304<\/p>\n<p>Dann kommen Simone und Olaf angefahren und wir verbringen den Abend gemeinsam in einer kleinen windgesch\u00fctzten Palmenh\u00fctte.<\/p>\n<p><strong>Dienstag, 17.01.2012<\/strong><\/p>\n<p>Wir schlafen aus, dann fahren wir in die Stadt, um ein paar Besorgungen zu machen. Auf dem Campingplatz vom Samstag erschleichen wir uns eine hei\u00dfe Dusche und f\u00fcllen unser Wasser nochmal auf, dann gehen wir einkaufen. Auf dem Weg zur\u00fcck zur Lagune sammeln wir herumliegendes Holz f\u00fcr ein Lagerfeuer.<\/p>\n<p>Auf der Piste kommen uns Olaf und Simone entgegen. Sie fahren noch weiter s\u00fcdlich in die Laguna San Ignacio. Die steht vielleicht auch auf unserem Programm, ein Wiedersehen ist also nicht ausgeschlossen ;-).<\/p>\n<p>Am Mittag machen wir Nudelsalat und lernen ein wenig spanisch mit Steffi und Benni.<br \/>\n<img loading=\"lazy\" decoding=\"async\" width=\"480\" height=\"321\" class=\"wp-image-1301\" src=\"http:\/\/www.loszapateros.de\/wp-content\/uploads\/2019\/04\/image-863.jpeg\" alt=\"Image\" srcset=\"https:\/\/www.loszapateros.de\/wp-content\/uploads\/2019\/04\/image-863.jpeg 480w, https:\/\/www.loszapateros.de\/wp-content\/uploads\/2019\/04\/image-863-300x201.jpeg 300w\" sizes=\"auto, (max-width: 480px) 100vw, 480px\" \/> DSC_2308<\/p>\n<p>Am Abend ist es zu windig f\u00fcr ein Lagerfeuer, also schauen wir einen Film in deren LKW. Auch mal wieder sch\u00f6n<br \/>\n<img loading=\"lazy\" decoding=\"async\" width=\"480\" height=\"321\" class=\"wp-image-1302\" src=\"http:\/\/www.loszapateros.de\/wp-content\/uploads\/2019\/04\/image-864.jpeg\" alt=\"Image\" srcset=\"https:\/\/www.loszapateros.de\/wp-content\/uploads\/2019\/04\/image-864.jpeg 480w, https:\/\/www.loszapateros.de\/wp-content\/uploads\/2019\/04\/image-864-300x201.jpeg 300w\" sizes=\"auto, (max-width: 480px) 100vw, 480px\" \/> DSC_2342<\/p>\n<p><strong>Mittwoch, 18.01.2012<\/strong><\/p>\n<p>Nach dem Fr\u00fchst\u00fcck brechen wir auf in Richtung San Ignacio, ein nettes St\u00e4dtchen und eine Palmenoase in der trostlosen W\u00fcste<br \/>\n<img loading=\"lazy\" decoding=\"async\" width=\"480\" height=\"321\" class=\"wp-image-1303\" src=\"http:\/\/www.loszapateros.de\/wp-content\/uploads\/2019\/04\/image-865.jpeg\" alt=\"Image\" srcset=\"https:\/\/www.loszapateros.de\/wp-content\/uploads\/2019\/04\/image-865.jpeg 480w, https:\/\/www.loszapateros.de\/wp-content\/uploads\/2019\/04\/image-865-300x201.jpeg 300w\" sizes=\"auto, (max-width: 480px) 100vw, 480px\" \/> DSC_2358<\/p>\n<p>Von dort aus geht es weiter \u00fcber Santa Rosal\u00eda und Muleg\u00e9<br \/>\n<img loading=\"lazy\" decoding=\"async\" width=\"480\" height=\"321\" class=\"wp-image-1304\" src=\"http:\/\/www.loszapateros.de\/wp-content\/uploads\/2019\/04\/image-866.jpeg\" alt=\"Image\" srcset=\"https:\/\/www.loszapateros.de\/wp-content\/uploads\/2019\/04\/image-866.jpeg 480w, https:\/\/www.loszapateros.de\/wp-content\/uploads\/2019\/04\/image-866-300x201.jpeg 300w\" sizes=\"auto, (max-width: 480px) 100vw, 480px\" \/> DSC_2368<br \/>\n<img loading=\"lazy\" decoding=\"async\" width=\"480\" height=\"321\" class=\"wp-image-1305\" src=\"http:\/\/www.loszapateros.de\/wp-content\/uploads\/2019\/04\/image-867.jpeg\" alt=\"Image\" srcset=\"https:\/\/www.loszapateros.de\/wp-content\/uploads\/2019\/04\/image-867.jpeg 480w, https:\/\/www.loszapateros.de\/wp-content\/uploads\/2019\/04\/image-867-300x201.jpeg 300w\" sizes=\"auto, (max-width: 480px) 100vw, 480px\" \/> DSC_2371<br \/>\n<img loading=\"lazy\" decoding=\"async\" width=\"480\" height=\"321\" class=\"wp-image-1306\" src=\"http:\/\/www.loszapateros.de\/wp-content\/uploads\/2019\/04\/image-868.jpeg\" alt=\"Image\" srcset=\"https:\/\/www.loszapateros.de\/wp-content\/uploads\/2019\/04\/image-868.jpeg 480w, https:\/\/www.loszapateros.de\/wp-content\/uploads\/2019\/04\/image-868-300x201.jpeg 300w\" sizes=\"auto, (max-width: 480px) 100vw, 480px\" \/> DSC_2380<\/p>\n<p>Etwas weiter s\u00fcdlich erreichen wir die Bah\u00eda Concepci\u00f3n. Am Playa Escondida schlagen wir unser Nachtlager auf.<\/p>\n<p>Und wieder treffen wir auf Langzeitreisende aus Deutschland (bzw. \u00d6sterreich): Wolfgang und Anni.<br \/>\n<img loading=\"lazy\" decoding=\"async\" width=\"480\" height=\"321\" class=\"wp-image-1307\" src=\"http:\/\/www.loszapateros.de\/wp-content\/uploads\/2019\/04\/image-869.jpeg\" alt=\"Image\" srcset=\"https:\/\/www.loszapateros.de\/wp-content\/uploads\/2019\/04\/image-869.jpeg 480w, https:\/\/www.loszapateros.de\/wp-content\/uploads\/2019\/04\/image-869-300x201.jpeg 300w\" sizes=\"auto, (max-width: 480px) 100vw, 480px\" \/> DSC_2427<\/p>\n<p>Sie sind mittlerweile seit 13 Jahren auf Reise.<\/p>\n<p>Den restlichen Mittag lesen wir gem\u00fctlich<br \/>\n<img loading=\"lazy\" decoding=\"async\" width=\"480\" height=\"321\" class=\"wp-image-1308\" src=\"http:\/\/www.loszapateros.de\/wp-content\/uploads\/2019\/04\/image-870.jpeg\" alt=\"Image\" srcset=\"https:\/\/www.loszapateros.de\/wp-content\/uploads\/2019\/04\/image-870.jpeg 480w, https:\/\/www.loszapateros.de\/wp-content\/uploads\/2019\/04\/image-870-300x201.jpeg 300w\" sizes=\"auto, (max-width: 480px) 100vw, 480px\" \/> DSC_2422<\/p>\n<p>Zum Abendessen gibt&#8217;s Quesadillas mit Bohnenmu\u00df.<\/p>\n<p>Den Abend lassen wir mit Wolfgang und Anni am Lagerfeuer ausklingen.<\/p>\n<p><strong>Donnerstag, 19.01.2012<\/strong><\/p>\n<p>Wir fr\u00fchst\u00fccken gem\u00fctlich am Strand<br \/>\n<img loading=\"lazy\" decoding=\"async\" width=\"480\" height=\"321\" class=\"wp-image-1309\" src=\"http:\/\/www.loszapateros.de\/wp-content\/uploads\/2019\/04\/image-871.jpeg\" alt=\"Image\" srcset=\"https:\/\/www.loszapateros.de\/wp-content\/uploads\/2019\/04\/image-871.jpeg 480w, https:\/\/www.loszapateros.de\/wp-content\/uploads\/2019\/04\/image-871-300x201.jpeg 300w\" sizes=\"auto, (max-width: 480px) 100vw, 480px\" \/> DSC_2424<\/p>\n<p>&#8230;und tauschen uns noch ein wenig mit Wolfgang und Anni aus. Dann steigen wir auf einen H\u00fcgel um die traumhaften Buchten von oben zu sehen<br \/>\n<img loading=\"lazy\" decoding=\"async\" width=\"480\" height=\"321\" class=\"wp-image-1310\" src=\"http:\/\/www.loszapateros.de\/wp-content\/uploads\/2019\/04\/image-872.jpeg\" alt=\"Image\" srcset=\"https:\/\/www.loszapateros.de\/wp-content\/uploads\/2019\/04\/image-872.jpeg 480w, https:\/\/www.loszapateros.de\/wp-content\/uploads\/2019\/04\/image-872-300x201.jpeg 300w\" sizes=\"auto, (max-width: 480px) 100vw, 480px\" \/> DSC_2443<br \/>\n<img loading=\"lazy\" decoding=\"async\" width=\"480\" height=\"321\" class=\"wp-image-1311\" src=\"http:\/\/www.loszapateros.de\/wp-content\/uploads\/2019\/04\/image-873.jpeg\" alt=\"Image\" srcset=\"https:\/\/www.loszapateros.de\/wp-content\/uploads\/2019\/04\/image-873.jpeg 480w, https:\/\/www.loszapateros.de\/wp-content\/uploads\/2019\/04\/image-873-300x201.jpeg 300w\" sizes=\"auto, (max-width: 480px) 100vw, 480px\" \/> DSC_2451<\/p>\n<p>Wir beschlie\u00dfen noch ein St\u00fcckchen weiter in den S\u00fcden zu fahren. \u00dcberall am Stra\u00dfenrand stehen Kreuze. (Wie es dazu kommt zeigen wir euch im n\u00e4chsten Bericht)<br \/>\n<img loading=\"lazy\" decoding=\"async\" width=\"480\" height=\"321\" class=\"wp-image-1312\" src=\"http:\/\/www.loszapateros.de\/wp-content\/uploads\/2019\/04\/image-874.jpeg\" alt=\"Image\" srcset=\"https:\/\/www.loszapateros.de\/wp-content\/uploads\/2019\/04\/image-874.jpeg 480w, https:\/\/www.loszapateros.de\/wp-content\/uploads\/2019\/04\/image-874-300x201.jpeg 300w\" sizes=\"auto, (max-width: 480px) 100vw, 480px\" \/> DSC_2585<\/p>\n<p>Es geht vorbei an Loreto bis zum Playa Juncalito.<br \/>\nHier kommt gelegentlich mal jemand vorbei um abzukassieren, wir bleiben allerdings verschont und k\u00f6nnen die Nacht gratis verbringen.<\/p>\n<p>Wir kochen und dann ist es auch schon wieder dunkel.<\/p>\n<p><strong>Freitag, 20.01.2012<\/strong><\/p>\n<p>Es geht weiter Richtung La Paz<br \/>\n<img loading=\"lazy\" decoding=\"async\" width=\"480\" height=\"321\" class=\"wp-image-1313\" src=\"http:\/\/www.loszapateros.de\/wp-content\/uploads\/2019\/04\/image-875.jpeg\" alt=\"Image\" srcset=\"https:\/\/www.loszapateros.de\/wp-content\/uploads\/2019\/04\/image-875.jpeg 480w, https:\/\/www.loszapateros.de\/wp-content\/uploads\/2019\/04\/image-875-300x201.jpeg 300w\" sizes=\"auto, (max-width: 480px) 100vw, 480px\" \/> DSC_2589<\/p>\n<p>Dort kommen wir am sp\u00e4ten Nachmittag an. Von hier aus wf\u00e4hrt eine F\u00e4hre auf&#8217;s Festland.<\/p>\n<p>Bei Walmart &#8211; ja, den gibt es auch hier in Mexico &#8211; und Homedepot machen wir einige Besorgungen. Da es bereits zu sp\u00e4t ist, um die F\u00e4hre zu buchen, fahren wir zum Playa Tecolote, etwas n\u00f6rdlich vom Ferry-Terminal Pichilingue und zudem kostenlos. Die Gegend ist nett<br \/>\n<img loading=\"lazy\" decoding=\"async\" width=\"480\" height=\"321\" class=\"wp-image-1314\" src=\"http:\/\/www.loszapateros.de\/wp-content\/uploads\/2019\/04\/image-876.jpeg\" alt=\"Image\" srcset=\"https:\/\/www.loszapateros.de\/wp-content\/uploads\/2019\/04\/image-876.jpeg 480w, https:\/\/www.loszapateros.de\/wp-content\/uploads\/2019\/04\/image-876-300x201.jpeg 300w\" sizes=\"auto, (max-width: 480px) 100vw, 480px\" \/> DSC_2593<\/p>\n<p>Wir haben eine Kokosnuss gekauft. Aber wie kriegt man so ein Ding auf? Den guten Kokossaft haben wir vorher aber getrunken!<br \/>\n<img loading=\"lazy\" decoding=\"async\" width=\"480\" height=\"321\" class=\"wp-image-1315\" src=\"http:\/\/www.loszapateros.de\/wp-content\/uploads\/2019\/04\/image-877.jpeg\" alt=\"Image\" srcset=\"https:\/\/www.loszapateros.de\/wp-content\/uploads\/2019\/04\/image-877.jpeg 480w, https:\/\/www.loszapateros.de\/wp-content\/uploads\/2019\/04\/image-877-300x201.jpeg 300w\" sizes=\"auto, (max-width: 480px) 100vw, 480px\" \/> DSC_2599<br \/>\n<img loading=\"lazy\" decoding=\"async\" width=\"480\" height=\"321\" class=\"wp-image-1316\" src=\"http:\/\/www.loszapateros.de\/wp-content\/uploads\/2019\/04\/image-878.jpeg\" alt=\"Image\" srcset=\"https:\/\/www.loszapateros.de\/wp-content\/uploads\/2019\/04\/image-878.jpeg 480w, https:\/\/www.loszapateros.de\/wp-content\/uploads\/2019\/04\/image-878-300x201.jpeg 300w\" sizes=\"auto, (max-width: 480px) 100vw, 480px\" \/> DSC_2606<br \/>\nTadaaaaa \ud83d\ude42<\/p>\n<p><strong>Samstag, 21.01.2012<\/strong><\/p>\n<p>Um halb sechs Uhr morgen startet die Party. In einiger Entfernung &#8211; und trotzdem deutlich h\u00f6rbar &#8211; beginnen einige Mexikaner zu feiern. Feiern k\u00f6nnen sie, das muss man ihnen lassen. An Schlaf ist f\u00fcr uns allerdings nur noch bedingt zu denken. Wir stehen fr\u00fch auf und fahren zum Ferry-Terminal, von wo aus wir die \u00dcberfahrt nach Topolobampo buchen. Wir haben Gl\u00fcck und k\u00f6nnen schon am selben Abend los.<\/p>\n<p>Den Mittag verbringen wir in La Paz. Am sp\u00e4ten Nachmittag fahren wir zur\u00fcck zum Playa Tecolote.<\/p>\n<p>Dort haben sich inzwischen Hans und seine Tochter Marisa zu J\u00fcrgen und seiner Frau Waltraud gesellt, die wir bereits am Vorabend kennengelernt haben. Nat\u00fcrlich wiedermal Deutsche<br \/>\n<img loading=\"lazy\" decoding=\"async\" width=\"480\" height=\"321\" class=\"wp-image-1317\" src=\"http:\/\/www.loszapateros.de\/wp-content\/uploads\/2019\/04\/image-879.jpeg\" alt=\"Image\" srcset=\"https:\/\/www.loszapateros.de\/wp-content\/uploads\/2019\/04\/image-879.jpeg 480w, https:\/\/www.loszapateros.de\/wp-content\/uploads\/2019\/04\/image-879-300x201.jpeg 300w\" sizes=\"auto, (max-width: 480px) 100vw, 480px\" \/> DSC_2610<\/p>\n<p>Hans und Marisa fahren mit der selben F\u00e4hre.<br \/>\nWir essen gemeinsam zu Abend und trinken gem\u00fctlich ein zwei Tequila<br \/>\n<img loading=\"lazy\" decoding=\"async\" width=\"480\" height=\"321\" class=\"wp-image-1318\" src=\"http:\/\/www.loszapateros.de\/wp-content\/uploads\/2019\/04\/image-880.jpeg\" alt=\"Image\" srcset=\"https:\/\/www.loszapateros.de\/wp-content\/uploads\/2019\/04\/image-880.jpeg 480w, https:\/\/www.loszapateros.de\/wp-content\/uploads\/2019\/04\/image-880-300x201.jpeg 300w\" sizes=\"auto, (max-width: 480px) 100vw, 480px\" \/> DSC_2608<\/p>\n<p>Um halb neun brechen wir auf zum Terminal. Abfahrt ist um 23:00 Uhr. Wir fahren durch den Zoll. Ab hier m\u00fcssen Jessi und Marisa zu Fu\u00df gehen, denn nur der Fahrer darf unter Deck. Kein Wunder bei dem mangelnden Platzangebot auf der Ladefl\u00e4che. Die F\u00e4hre wird hoffnungslos vollgeladen, jeder kleine Zwischenraum genutzt. Die LKW&#8217;s stehen dicht an dicht. Es sieht aus als w\u00e4re die F\u00e4hre bereits voll, doch es verschwinden immer noch mehr Laster im Bauch des Schiffes. Unser Auto steht auf einer Rampe!<br \/>\n<img loading=\"lazy\" decoding=\"async\" width=\"480\" height=\"855\" class=\"wp-image-1319\" src=\"http:\/\/www.loszapateros.de\/wp-content\/uploads\/2019\/04\/image-881.jpeg\" alt=\"Image\" srcset=\"https:\/\/www.loszapateros.de\/wp-content\/uploads\/2019\/04\/image-881.jpeg 480w, https:\/\/www.loszapateros.de\/wp-content\/uploads\/2019\/04\/image-881-168x300.jpeg 168w\" sizes=\"auto, (max-width: 480px) 100vw, 480px\" \/> DSCIMG_3016<\/p>\n<p>Aus kostengr\u00fcnden haben wir keine Kabine, die Sitze sind alle belegt. In der Schiffsbar flie\u00dft das Bier (nicht nur in die Kehlen, sondern auch \u00fcberall auf dem Boden). An jeder Ecke liegen in Decken gewickelte Mexikaner, sch\u00f6n aufgereiht wie Burritos.<br \/>\n<img loading=\"lazy\" decoding=\"async\" width=\"480\" height=\"855\" class=\"wp-image-1320\" src=\"http:\/\/www.loszapateros.de\/wp-content\/uploads\/2019\/04\/image-882.jpeg\" alt=\"Image\" srcset=\"https:\/\/www.loszapateros.de\/wp-content\/uploads\/2019\/04\/image-882.jpeg 480w, https:\/\/www.loszapateros.de\/wp-content\/uploads\/2019\/04\/image-882-168x300.jpeg 168w\" sizes=\"auto, (max-width: 480px) 100vw, 480px\" \/> DSCIMG_4834<\/p>\n<p>Wir halten uns im Restaurant auf. Dort ist es sehr kalt, wir frieren die ganze Nacht und schlafen nur wenig.<\/p>\n<p>Geschafft! Um 6:30 Uhr in der Fr\u00fch erreichen wir Topolobampo.<\/td>\n<\/tr>\n<tr>\n<td>Zuletzt \u00fcberarbeitet ( 31. J\u00e4nner 2012 um 16:54 )<\/td>\n<\/tr>\n<\/tbody>\n<\/table>\n","protected":false},"excerpt":{"rendered":"<p>Transamerika-Reise\u00a0 \u00a0Mexico\u00a0 \u00a0Mexico &#8211; Baja California Sur Mexico &#8211; Baja California Sur Geschrieben von Administrator 31. J\u00e4nner 2012 um 05:12 Reisebericht 19 Samstag, 14.01.2012 Wir \u00fcberqueren die Grenze zwischen der Baja Norte und der Baja Sur. Ob wir Obst oder Gem\u00fcse dabei h\u00e4tten, fragen uns die Beamten. Wir erw\u00e4hnen die<a class=\"moretag\" href=\"https:\/\/www.loszapateros.de\/?page_id=1282\"> Weiterlesen<\/a><\/p>\n","protected":false},"author":1,"featured_media":0,"parent":0,"menu_order":0,"comment_status":"closed","ping_status":"closed","template":"","meta":{"footnotes":""},"class_list":["post-1282","page","type-page","status-publish","hentry"],"_links":{"self":[{"href":"https:\/\/www.loszapateros.de\/index.php?rest_route=\/wp\/v2\/pages\/1282","targetHints":{"allow":["GET"]}}],"collection":[{"href":"https:\/\/www.loszapateros.de\/index.php?rest_route=\/wp\/v2\/pages"}],"about":[{"href":"https:\/\/www.loszapateros.de\/index.php?rest_route=\/wp\/v2\/types\/page"}],"author":[{"embeddable":true,"href":"https:\/\/www.loszapateros.de\/index.php?rest_route=\/wp\/v2\/users\/1"}],"replies":[{"embeddable":true,"href":"https:\/\/www.loszapateros.de\/index.php?rest_route=%2Fwp%2Fv2%2Fcomments&post=1282"}],"version-history":[{"count":1,"href":"https:\/\/www.loszapateros.de\/index.php?rest_route=\/wp\/v2\/pages\/1282\/revisions"}],"predecessor-version":[{"id":1322,"href":"https:\/\/www.loszapateros.de\/index.php?rest_route=\/wp\/v2\/pages\/1282\/revisions\/1322"}],"wp:attachment":[{"href":"https:\/\/www.loszapateros.de\/index.php?rest_route=%2Fwp%2Fv2%2Fmedia&parent=1282"}],"curies":[{"name":"wp","href":"https:\/\/api.w.org\/{rel}","templated":true}]}}