{"id":1843,"date":"2019-04-23T11:32:45","date_gmt":"2019-04-23T09:32:45","guid":{"rendered":"http:\/\/www.loszapateros.de\/?page_id=1843"},"modified":"2019-04-23T11:32:46","modified_gmt":"2019-04-23T09:32:46","slug":"planung-des-4runners","status":"publish","type":"page","link":"https:\/\/www.loszapateros.de\/?page_id=1843","title":{"rendered":"Planung des 4Runners"},"content":{"rendered":"<p>Planung des 4Runners<\/p>\n<table>\n<tbody>\n<tr>\n<td><strong>Mehr &#8230; <\/strong><\/p>\n<ul>\n<li><a href=\"http:\/\/www.trans-amerika.net\/index.php?option=com_content&amp;task=view&amp;id=37&amp;Itemid=41\">Warum ein 4Runner? <\/a><\/li>\n<li><a href=\"http:\/\/www.trans-amerika.net\/index.php?option=com_content&amp;task=view&amp;id=38&amp;Itemid=41\">Erste Planungen <\/a><\/li>\n<li><a href=\"http:\/\/www.trans-amerika.net\/index.php?option=com_content&amp;task=view&amp;id=39&amp;Itemid=41\">Kosten-Controlling &amp; Umfangskontrolle <\/a><\/li>\n<\/ul>\n<\/td>\n<\/tr>\n<\/tbody>\n<\/table>\n<p><a href=\"http:\/\/www.trans-amerika.net\/index.php?option=com_content&amp;task=blogsection&amp;id=7&amp;Itemid=41\">Bau des 4Runners<\/a>\u00a0 <img loading=\"lazy\" decoding=\"async\" width=\"9\" height=\"9\" class=\"wp-image-1844\" src=\"http:\/\/www.loszapateros.de\/wp-content\/uploads\/2019\/04\/arrow-58.png\" alt=\"arrow\" \/> \u00a0<a href=\"http:\/\/www.trans-amerika.net\/index.php?option=com_content&amp;task=category&amp;sectionid=7&amp;id=26&amp;Itemid=41\">Planung des 4Runners<\/a>\u00a0 <img loading=\"lazy\" decoding=\"async\" width=\"9\" height=\"9\" class=\"wp-image-1845\" src=\"http:\/\/www.loszapateros.de\/wp-content\/uploads\/2019\/04\/arrow-59.png\" alt=\"arrow\" \/> \u00a0Warum ein 4Runner?<\/p>\n<table>\n<tbody>\n<tr>\n<td>\n<table>\n<tbody>\n<tr>\n<td>Warum ein 4Runner?<\/td>\n<\/tr>\n<\/tbody>\n<\/table>\n<table>\n<tbody>\n<tr>\n<td>Geschrieben von Administrator<\/td>\n<\/tr>\n<tr>\n<td>15. Dezember 2010 um 20:40<\/td>\n<\/tr>\n<tr>\n<td>Als klar wurde, dass wir gerne ein Aufstelldach h\u00e4tten wir uns aber den offiziellen Preis daf\u00fcr nicht leisten k\u00f6nnten, wurde der Entschluss gefasst, es selbst in die Hand zu nehmen. Erstmal wurden \u00fcber l\u00e4ngeren Zeitraum die Webseiten von professionellen Anbietern studiert und die Bilder intensiv betrachtet. Folgende Seiten lieferten mir hierbei am meisten Informationen:<\/p>\n<ul>\n<li>www.toms-fahrzeugtechnik.de<\/li>\n<li>www.custom-campers.de<\/li>\n<li>www.innovation-campers.de<\/li>\n<\/ul>\n<p>Jetzt musste nur noch ein passendes Fahrzeug gefunden werden. Es kam eigentlich ausschliesslich ein Toyota in Frage, da die Ersatzteileversorgung auf der gesamten Welt problemlos erscheint und die Zuverl\u00e4ssigkeit enorm hoch ist. Wir fuhren einen Toyota HZJ79 mit Aufstelldach probe, aber ich musste feststellen, dass dieser leider \u00fcberhaupt nicht unseren Erwartungen entsprach. Mann muss schon gro\u00dfes Vergn\u00fcgen am Gel\u00e4ndewagen-Fahren haben um sich vorstellen zu k\u00f6nnen mit einem solch schwerf\u00e4lligen, langsamen Auto 50.000Km zu fahren. Ein HDJ80 schied leider aus, da er ausserhalb unseres geringen Budgets lag. Ein Toyota Hilux sollte es sein, aber am besten geschlossen! Die Wahl fiel also nun auf den 4Runner. Dieser geh\u00f6rt zur Familie der Hilux, einige Teile passen von diversen Modellen auch an den 4Runner. Vorallem gibt es ihn mit einem recht leistungsstarken Motor als Diesel.<\/p>\n<p>Einige Daten zu unserem 4Runner:<\/p>\n<ul>\n<li>Baujahr 1994<\/li>\n<li>Motor: 3,0 l-R4-Turbodiesel 125PS, 92KW ( KZN130)<\/li>\n<li>L\u00e4nge: 4491 mm<\/li>\n<li>Breite: 1679 mm<\/li>\n<li>H\u00f6he: 2000 mm (mit Aufstelldach)<\/li>\n<li>Radstand: 2624 mm<\/li>\n<li>Leergewicht: ca 2000 Kg (Reisefertig)<\/li>\n<\/ul>\n<p>Alternativ wurde auch der Mitsubishi Pajero in Betracht gezogen. Der Toyota kam nunmal zuerst, ansonsten h\u00e4tte die Wahl auf jeden Fall auch auf den Mitsubishi fallen k\u00f6nnen.<\/td>\n<\/tr>\n<\/tbody>\n<\/table>\n<\/td>\n<\/tr>\n<\/tbody>\n<\/table>\n<table>\n<tbody>\n<tr>\n<td>Erste Planungen<\/td>\n<\/tr>\n<\/tbody>\n<\/table>\n<table>\n<tbody>\n<tr>\n<td>Geschrieben von Administrator<\/td>\n<\/tr>\n<tr>\n<td>15. Dezember 2010 um 20:14<\/td>\n<\/tr>\n<tr>\n<td>Die ersten Planungen verliefen erstmal rein imagin\u00e4r. Dann wurden auf Ma\u00dfzeichnungen Skizzen des Aufstelldachs gezeichnet. Wieviele wei\u00df ich nicht mehr &#8211; aber es waren einige. Im n\u00e4chsten Schritt entstanden einige Entw\u00fcrfe am Zeichenbrett. Auch hier wurden so manche Zeichnungen wieder verworfen.<\/p>\n<p><img loading=\"lazy\" decoding=\"async\" width=\"480\" height=\"360\" class=\"wp-image-1846\" src=\"http:\/\/www.loszapateros.de\/wp-content\/uploads\/2019\/04\/image-1352.jpeg\" alt=\"Image\" srcset=\"https:\/\/www.loszapateros.de\/wp-content\/uploads\/2019\/04\/image-1352.jpeg 480w, https:\/\/www.loszapateros.de\/wp-content\/uploads\/2019\/04\/image-1352-300x225.jpeg 300w\" sizes=\"auto, (max-width: 480px) 100vw, 480px\" \/><\/p>\n<p>Nachdem nun eine finale Version entstand und alle Detailbereiche im 1:1 Ma\u00dfstab gezeichnet waren,\u00a0 konnte ich das Material bestellen.Dies bestellte ich anhand dieser Materialliste bei www.Feld-Eitorf.de im Onlineshop. Ich habe durchweg positive Erfahrungen mit dieser Firma gemacht und inzwischen mehrfach dort bestellt.<\/p>\n<table>\n<tbody>\n<tr>\n<td>Element<\/td>\n<td>Anzahl<\/td>\n<td>St\u00e4rke<\/td>\n<td>Dimension<\/td>\n<td>Dimension<\/td>\n<td>Breite<\/td>\n<td>L\u00e4nge<\/td>\n<td><\/td>\n<\/tr>\n<tr>\n<td>4-Kant-Rohr<\/td>\n<td>2<\/td>\n<td>2<\/td>\n<td>30<\/td>\n<td>30<\/td>\n<td><\/td>\n<td>2194<\/td>\n<td>0,52656<\/td>\n<\/tr>\n<tr>\n<td>4-Kant-Rohr<\/td>\n<td>2<\/td>\n<td>2<\/td>\n<td>30<\/td>\n<td>30<\/td>\n<td><\/td>\n<td>964<\/td>\n<td>0,23136<\/td>\n<\/tr>\n<tr>\n<td>4-kant-Rohr<\/td>\n<td>5<\/td>\n<td>2<\/td>\n<td>20<\/td>\n<td>20<\/td>\n<td><\/td>\n<td>964<\/td>\n<td>0,3856<\/td>\n<\/tr>\n<tr>\n<td>4-Kant-Rohr<\/td>\n<td>2<\/td>\n<td>2<\/td>\n<td>20<\/td>\n<td>20<\/td>\n<td><\/td>\n<td>1024<\/td>\n<td>0,16384<\/td>\n<\/tr>\n<tr>\n<td>Winkel<\/td>\n<td>28<\/td>\n<td>2<\/td>\n<td>20<\/td>\n<td>20<\/td>\n<td><\/td>\n<td>20<\/td>\n<td>0,0448<\/td>\n<\/tr>\n<tr>\n<td>Blech<\/td>\n<td>2<\/td>\n<td>3<\/td>\n<td><\/td>\n<td><\/td>\n<td>60<\/td>\n<td>2200<\/td>\n<td>0,792<\/td>\n<\/tr>\n<tr>\n<td>Blech<\/td>\n<td>1<\/td>\n<td>3<\/td>\n<td><\/td>\n<td><\/td>\n<td>60<\/td>\n<td>1024<\/td>\n<td>0,18432<\/td>\n<\/tr>\n<tr>\n<td>Blech<\/td>\n<td>1<\/td>\n<td>3<\/td>\n<td><\/td>\n<td><\/td>\n<td>48<\/td>\n<td>1024<\/td>\n<td>0,147456<\/td>\n<\/tr>\n<tr>\n<td>Tr\u00e4nenblech<\/td>\n<td>1<\/td>\n<td>3,5<\/td>\n<td><\/td>\n<td><\/td>\n<td>1030<\/td>\n<td>2200<\/td>\n<td>7,931<\/td>\n<\/tr>\n<tr>\n<td><\/td>\n<td><\/td>\n<td><\/td>\n<td><\/td>\n<td><\/td>\n<td><\/td>\n<td><\/td>\n<td><\/td>\n<\/tr>\n<tr>\n<td><\/td>\n<td><\/td>\n<td><\/td>\n<td><\/td>\n<td><\/td>\n<td><\/td>\n<td><\/td>\n<td><\/td>\n<\/tr>\n<tr>\n<td>Element<\/td>\n<td><\/td>\n<td>St\u00e4rke<\/td>\n<td>Dimension<\/td>\n<td>Dimension<\/td>\n<td>Breite<\/td>\n<td>L\u00e4nge<\/td>\n<td><\/td>\n<\/tr>\n<tr>\n<td>Blech<\/td>\n<td>2<\/td>\n<td>3<\/td>\n<td><\/td>\n<td><\/td>\n<td>230<\/td>\n<td>2300<\/td>\n<td>3,174<\/td>\n<\/tr>\n<tr>\n<td>Blech<\/td>\n<td>1<\/td>\n<td>3<\/td>\n<td><\/td>\n<td><\/td>\n<td>230<\/td>\n<td>1030<\/td>\n<td>0,7107<\/td>\n<\/tr>\n<tr>\n<td>Blech<\/td>\n<td>1<\/td>\n<td>3<\/td>\n<td><\/td>\n<td><\/td>\n<td>300<\/td>\n<td>1030<\/td>\n<td>0,927<\/td>\n<\/tr>\n<tr>\n<td>Blech<\/td>\n<td>2<\/td>\n<td>2<\/td>\n<td><\/td>\n<td><\/td>\n<td>35<\/td>\n<td>2159<\/td>\n<td>0,30226<\/td>\n<\/tr>\n<tr>\n<td>Blech<\/td>\n<td>1<\/td>\n<td>2<\/td>\n<td><\/td>\n<td><\/td>\n<td>35<\/td>\n<td>990<\/td>\n<td>0,0693<\/td>\n<\/tr>\n<tr>\n<td>4-Kant-Rohr<\/td>\n<td>2<\/td>\n<td>2<\/td>\n<td>15<\/td>\n<td>15<\/td>\n<td><\/td>\n<td>2174<\/td>\n<td>0,26088<\/td>\n<\/tr>\n<tr>\n<td>4-Kant-Rohr<\/td>\n<td>2<\/td>\n<td>2<\/td>\n<td>15<\/td>\n<td>15<\/td>\n<td><\/td>\n<td>994<\/td>\n<td>0,11928<\/td>\n<\/tr>\n<tr>\n<td><\/td>\n<td><\/td>\n<td><\/td>\n<td><\/td>\n<td><\/td>\n<td><\/td>\n<td><\/td>\n<td><\/td>\n<\/tr>\n<tr>\n<td><\/td>\n<td><\/td>\n<td><\/td>\n<td><\/td>\n<td><\/td>\n<td>Summe m\u00b2<\/td>\n<td><\/td>\n<td>15,970356<\/td>\n<\/tr>\n<tr>\n<td><\/td>\n<td><\/td>\n<td><\/td>\n<td><\/td>\n<td><\/td>\n<td colspan=\"2\">Gewicht von 1m\u00b2 bei 1mm st\u00e4rke<\/td>\n<td>2,75<\/td>\n<\/tr>\n<tr>\n<td><\/td>\n<td><\/td>\n<td><\/td>\n<td><\/td>\n<td><\/td>\n<td colspan=\"2\">Gesamtgewicht<\/td>\n<td>43,918479<\/td>\n<\/tr>\n<\/tbody>\n<\/table>\n<\/td>\n<\/tr>\n<\/tbody>\n<\/table>\n<table>\n<tbody>\n<tr>\n<td>Kosten-Controlling &amp; Umfangskontrolle<\/td>\n<\/tr>\n<\/tbody>\n<\/table>\n<table>\n<tbody>\n<tr>\n<td>Geschrieben von Administrator<\/td>\n<\/tr>\n<tr>\n<td>15. Dezember 2010 um 19:55<\/td>\n<\/tr>\n<tr>\n<td>W\u00e4hrend des gesamten Projektes wurde ein Controlling der Kosten durchgef\u00fchrt. Als Finanzwirtschafts-Student machte ich im Fr\u00fchjahr 2010 ein halbj\u00e4hriges Praktikum im Controlling bei der Firma NDSatCom. Bei Durchf\u00fchrung der betriebsinternen Projekte wurde mich klar, dass ich auch f\u00fcr dieses private Projekt eine Kostenkontrolle durchf\u00fchren muss, damit die Kosten nicht aus dem Ruder laufen.<\/p>\n<p>Hier ein Screenshot des Excel-Files. In diesem Tab kann man auf einen Blick den aktuellen Kostenstand sehen:<\/p>\n<p><img loading=\"lazy\" decoding=\"async\" width=\"480\" height=\"478\" class=\"wp-image-1847\" src=\"http:\/\/www.loszapateros.de\/wp-content\/uploads\/2019\/04\/image-1353.jpeg\" alt=\"Image\" srcset=\"https:\/\/www.loszapateros.de\/wp-content\/uploads\/2019\/04\/image-1353.jpeg 480w, https:\/\/www.loszapateros.de\/wp-content\/uploads\/2019\/04\/image-1353-150x150.jpeg 150w, https:\/\/www.loszapateros.de\/wp-content\/uploads\/2019\/04\/image-1353-300x300.jpeg 300w\" sizes=\"auto, (max-width: 480px) 100vw, 480px\" \/><\/p>\n<p>Hier tr\u00e4gt man die einzelnen Posten ein, diese untescheiden sich in bereits angefallene und solche die noch anfallen werden (Obligo) sowie in verschiedene Kategorien<\/p>\n<p><img loading=\"lazy\" decoding=\"async\" width=\"480\" height=\"316\" class=\"wp-image-1848\" src=\"http:\/\/www.loszapateros.de\/wp-content\/uploads\/2019\/04\/image-1354.jpeg\" alt=\"Image\" srcset=\"https:\/\/www.loszapateros.de\/wp-content\/uploads\/2019\/04\/image-1354.jpeg 480w, https:\/\/www.loszapateros.de\/wp-content\/uploads\/2019\/04\/image-1354-300x198.jpeg 300w\" sizes=\"auto, (max-width: 480px) 100vw, 480px\" \/><\/p>\n<p>Der Umfang wurde auch kontrolliert. Jedoch etwas simpler. Ich habe von vorne herein den Umfang festgelegt. Dieser hat sich aber mit den dazugesammelten Erfahrungen im Laufe des Projektes immer etwas ver\u00e4ndert. Monatlich wurde das File abgespeichert und archiviert. So ist eine Soll\/ist &#8211; Abweichungskontrolle auch m\u00f6glich.<\/p>\n<p><img loading=\"lazy\" decoding=\"async\" width=\"480\" height=\"711\" class=\"wp-image-1849\" src=\"http:\/\/www.loszapateros.de\/wp-content\/uploads\/2019\/04\/image-1355.jpeg\" alt=\"Image\" srcset=\"https:\/\/www.loszapateros.de\/wp-content\/uploads\/2019\/04\/image-1355.jpeg 480w, https:\/\/www.loszapateros.de\/wp-content\/uploads\/2019\/04\/image-1355-203x300.jpeg 203w\" sizes=\"auto, (max-width: 480px) 100vw, 480px\" \/><\/td>\n<\/tr>\n<\/tbody>\n<\/table>\n","protected":false},"excerpt":{"rendered":"<p>Planung des 4Runners Mehr &#8230; Warum ein 4Runner? Erste Planungen Kosten-Controlling &amp; Umfangskontrolle Bau des 4Runners\u00a0 \u00a0Planung des 4Runners\u00a0 \u00a0Warum ein 4Runner? Warum ein 4Runner? Geschrieben von Administrator 15. Dezember 2010 um 20:40 Als klar wurde, dass wir gerne ein Aufstelldach h\u00e4tten wir uns aber den offiziellen Preis daf\u00fcr nicht<a class=\"moretag\" href=\"https:\/\/www.loszapateros.de\/?page_id=1843\"> Weiterlesen<\/a><\/p>\n","protected":false},"author":1,"featured_media":0,"parent":0,"menu_order":0,"comment_status":"closed","ping_status":"closed","template":"","meta":{"footnotes":""},"class_list":["post-1843","page","type-page","status-publish","hentry"],"_links":{"self":[{"href":"https:\/\/www.loszapateros.de\/index.php?rest_route=\/wp\/v2\/pages\/1843","targetHints":{"allow":["GET"]}}],"collection":[{"href":"https:\/\/www.loszapateros.de\/index.php?rest_route=\/wp\/v2\/pages"}],"about":[{"href":"https:\/\/www.loszapateros.de\/index.php?rest_route=\/wp\/v2\/types\/page"}],"author":[{"embeddable":true,"href":"https:\/\/www.loszapateros.de\/index.php?rest_route=\/wp\/v2\/users\/1"}],"replies":[{"embeddable":true,"href":"https:\/\/www.loszapateros.de\/index.php?rest_route=%2Fwp%2Fv2%2Fcomments&post=1843"}],"version-history":[{"count":1,"href":"https:\/\/www.loszapateros.de\/index.php?rest_route=\/wp\/v2\/pages\/1843\/revisions"}],"predecessor-version":[{"id":1851,"href":"https:\/\/www.loszapateros.de\/index.php?rest_route=\/wp\/v2\/pages\/1843\/revisions\/1851"}],"wp:attachment":[{"href":"https:\/\/www.loszapateros.de\/index.php?rest_route=%2Fwp%2Fv2%2Fmedia&parent=1843"}],"curies":[{"name":"wp","href":"https:\/\/api.w.org\/{rel}","templated":true}]}}