{"id":1852,"date":"2019-04-23T11:33:35","date_gmt":"2019-04-23T09:33:35","guid":{"rendered":"http:\/\/www.loszapateros.de\/?page_id=1852"},"modified":"2019-04-23T11:33:36","modified_gmt":"2019-04-23T09:33:36","slug":"packen-verschiffen","status":"publish","type":"page","link":"https:\/\/www.loszapateros.de\/?page_id=1852","title":{"rendered":"Packen &#038; Verschiffen"},"content":{"rendered":"<p>Transamerika-Reise\u00a0 <img loading=\"lazy\" decoding=\"async\" width=\"9\" height=\"9\" class=\"wp-image-1853\" src=\"http:\/\/www.loszapateros.de\/wp-content\/uploads\/2019\/04\/arrow-60.png\" alt=\"arrow\" \/> \u00a0Packen &amp; Verschiffen<\/p>\n<table>\n<tbody>\n<tr>\n<td>Packen &amp; Verschiffen<\/p>\n<table>\n<tbody>\n<tr>\n<td>\n<table>\n<tbody>\n<tr>\n<td>Verschiffen<\/td>\n<\/tr>\n<\/tbody>\n<\/table>\n<table>\n<tbody>\n<tr>\n<td>Geschrieben von Administrator<\/td>\n<\/tr>\n<tr>\n<td>14. Juli 2011 um 12:43<\/td>\n<\/tr>\n<tr>\n<td>Unsere Streichholzschachtel, wie meine Schwester den minicamper nennt :), ist inzwischen irgendwo auf See. Wir fuhren am Mittwoch Abend den 06.07.2011 los und erreichten den Hafen in Hamburg am Donnerstag den 07.07.2011 in der Fr\u00fch um ca 3.30 Uhr.<\/p>\n<p>So sieht das Terminal aus<\/p>\n<p><img loading=\"lazy\" decoding=\"async\" width=\"480\" height=\"360\" class=\"wp-image-1854\" src=\"http:\/\/www.loszapateros.de\/wp-content\/uploads\/2019\/04\/http-www-trans-amerika-net-mambots-content-multi.jpeg\" alt=\"http:\/\/www.trans-amerika.net\/mambots\/content\/multithumb\/thumbs\/54f341a021782ef912249d465ba33c33.JPG\" srcset=\"https:\/\/www.loszapateros.de\/wp-content\/uploads\/2019\/04\/http-www-trans-amerika-net-mambots-content-multi.jpeg 480w, https:\/\/www.loszapateros.de\/wp-content\/uploads\/2019\/04\/http-www-trans-amerika-net-mambots-content-multi-300x225.jpeg 300w\" sizes=\"auto, (max-width: 480px) 100vw, 480px\" \/><\/p>\n<p><img loading=\"lazy\" decoding=\"async\" width=\"480\" height=\"360\" class=\"wp-image-1855\" src=\"http:\/\/www.loszapateros.de\/wp-content\/uploads\/2019\/04\/image-1356.jpeg\" alt=\"Image\" srcset=\"https:\/\/www.loszapateros.de\/wp-content\/uploads\/2019\/04\/image-1356.jpeg 480w, https:\/\/www.loszapateros.de\/wp-content\/uploads\/2019\/04\/image-1356-300x225.jpeg 300w\" sizes=\"auto, (max-width: 480px) 100vw, 480px\" \/><\/p>\n<p>Da haben wir auch den Rest der Nacht verbracht:<\/p>\n<p><img loading=\"lazy\" decoding=\"async\" width=\"480\" height=\"360\" class=\"wp-image-1856\" src=\"http:\/\/www.loszapateros.de\/wp-content\/uploads\/2019\/04\/image-1357.jpeg\" alt=\"Image\" srcset=\"https:\/\/www.loszapateros.de\/wp-content\/uploads\/2019\/04\/image-1357.jpeg 480w, https:\/\/www.loszapateros.de\/wp-content\/uploads\/2019\/04\/image-1357-300x225.jpeg 300w\" sizes=\"auto, (max-width: 480px) 100vw, 480px\" \/><\/p>\n<p>Nachdem man dann im Terminal eine Nummer gezogen hat darf man in den oberen Stock und alles geht echt schnell. Dort bekommt man Einfahrtspapiere und f\u00e4hrt damit durch die Schranken am Ende des Geb\u00e4udes. Innen stellt man das Auto dann auf einem Parkplatz ab&#8230; da kam sich der 4Runner wirklich wie eine Streichholzschachtel vor:<\/p>\n<p><img loading=\"lazy\" decoding=\"async\" width=\"480\" height=\"360\" class=\"wp-image-1857\" src=\"http:\/\/www.loszapateros.de\/wp-content\/uploads\/2019\/04\/image-1358.jpeg\" alt=\"Image\" srcset=\"https:\/\/www.loszapateros.de\/wp-content\/uploads\/2019\/04\/image-1358.jpeg 480w, https:\/\/www.loszapateros.de\/wp-content\/uploads\/2019\/04\/image-1358-300x225.jpeg 300w\" sizes=\"auto, (max-width: 480px) 100vw, 480px\" \/><\/p>\n<p><img loading=\"lazy\" decoding=\"async\" width=\"480\" height=\"360\" class=\"wp-image-1858\" src=\"http:\/\/www.loszapateros.de\/wp-content\/uploads\/2019\/04\/image-1359.jpeg\" alt=\"Image\" srcset=\"https:\/\/www.loszapateros.de\/wp-content\/uploads\/2019\/04\/image-1359.jpeg 480w, https:\/\/www.loszapateros.de\/wp-content\/uploads\/2019\/04\/image-1359-300x225.jpeg 300w\" sizes=\"auto, (max-width: 480px) 100vw, 480px\" \/><\/p>\n<p>Aber es standen auch sympathische Gef\u00e4hrte auf dem Parkplatz \ud83d\ude42<\/p>\n<p><img loading=\"lazy\" decoding=\"async\" width=\"480\" height=\"360\" class=\"wp-image-1859\" src=\"http:\/\/www.loszapateros.de\/wp-content\/uploads\/2019\/04\/image-1360.jpeg\" alt=\"Image\" srcset=\"https:\/\/www.loszapateros.de\/wp-content\/uploads\/2019\/04\/image-1360.jpeg 480w, https:\/\/www.loszapateros.de\/wp-content\/uploads\/2019\/04\/image-1360-300x225.jpeg 300w\" sizes=\"auto, (max-width: 480px) 100vw, 480px\" \/><\/p>\n<p>Schlie\u00dflich geht man nochmals zu einem kleinen wei\u00dfen Container und bekommt nochmal ein Papier, das man hinter die Windschutzscheibe legt:<\/p>\n<p><img loading=\"lazy\" decoding=\"async\" width=\"480\" height=\"360\" class=\"wp-image-1860\" src=\"http:\/\/www.loszapateros.de\/wp-content\/uploads\/2019\/04\/image-1361.jpeg\" alt=\"Image\" srcset=\"https:\/\/www.loszapateros.de\/wp-content\/uploads\/2019\/04\/image-1361.jpeg 480w, https:\/\/www.loszapateros.de\/wp-content\/uploads\/2019\/04\/image-1361-300x225.jpeg 300w\" sizes=\"auto, (max-width: 480px) 100vw, 480px\" \/><\/p>\n<p>Das war&#8217;s dann im Prinzip auch schon. Die Rechnung kam inzwischen auch schon. Ca 1657\u20ac plus 117\u20ac Seetransportversicherung. Etwas mehr als kalkuliert also. Im Anschluss verbrachten wir noch 2 Tage in HH und fuhren dann mit dem ICE nach hause:<\/p>\n<p><img loading=\"lazy\" decoding=\"async\" width=\"480\" height=\"640\" class=\"wp-image-1861\" src=\"http:\/\/www.loszapateros.de\/wp-content\/uploads\/2019\/04\/image-1362.jpeg\" alt=\"Image\" srcset=\"https:\/\/www.loszapateros.de\/wp-content\/uploads\/2019\/04\/image-1362.jpeg 480w, https:\/\/www.loszapateros.de\/wp-content\/uploads\/2019\/04\/image-1362-225x300.jpeg 225w\" sizes=\"auto, (max-width: 480px) 100vw, 480px\" \/><\/p>\n<p><img loading=\"lazy\" decoding=\"async\" width=\"480\" height=\"360\" class=\"wp-image-1862\" src=\"http:\/\/www.loszapateros.de\/wp-content\/uploads\/2019\/04\/image-1363.jpeg\" alt=\"Image\" srcset=\"https:\/\/www.loszapateros.de\/wp-content\/uploads\/2019\/04\/image-1363.jpeg 480w, https:\/\/www.loszapateros.de\/wp-content\/uploads\/2019\/04\/image-1363-300x225.jpeg 300w\" sizes=\"auto, (max-width: 480px) 100vw, 480px\" \/><\/td>\n<\/tr>\n<tr>\n<td>Zuletzt \u00fcberarbeitet ( 14. Juli 2011 um 12:48 )<\/td>\n<\/tr>\n<\/tbody>\n<\/table>\n<\/td>\n<\/tr>\n<tr>\n<td>\n<table>\n<tbody>\n<tr>\n<td>\n<table>\n<tbody>\n<tr>\n<td>Packen<\/td>\n<\/tr>\n<\/tbody>\n<\/table>\n<table>\n<tbody>\n<tr>\n<td>Geschrieben von Administrator<\/td>\n<\/tr>\n<tr>\n<td>05. Juli 2011 um 15:55<\/td>\n<\/tr>\n<tr>\n<td>Am Donnerstag den 7. Juli geht unser Auto auf&#8217;s Schiff. Also hei\u00dft es nun letztendlich Packen, Stopfen und Organisieren!<\/p>\n<p>Ohje: DAS soll wirklich ALLES da rein?<\/p>\n<p><img loading=\"lazy\" decoding=\"async\" width=\"480\" height=\"321\" class=\"wp-image-1863\" src=\"http:\/\/www.loszapateros.de\/wp-content\/uploads\/2019\/04\/http-www-trans-amerika-net-mambots-content-multi-1.jpeg\" alt=\"http:\/\/www.trans-amerika.net\/mambots\/content\/multithumb\/thumbs\/e615e90eeb312746d274d6602caf6f42.JPG\" srcset=\"https:\/\/www.loszapateros.de\/wp-content\/uploads\/2019\/04\/http-www-trans-amerika-net-mambots-content-multi-1.jpeg 480w, https:\/\/www.loszapateros.de\/wp-content\/uploads\/2019\/04\/http-www-trans-amerika-net-mambots-content-multi-1-300x201.jpeg 300w\" sizes=\"auto, (max-width: 480px) 100vw, 480px\" \/><\/p>\n<p><img loading=\"lazy\" decoding=\"async\" width=\"480\" height=\"321\" class=\"wp-image-1864\" src=\"http:\/\/www.loszapateros.de\/wp-content\/uploads\/2019\/04\/image-1364.jpeg\" alt=\"Image\" srcset=\"https:\/\/www.loszapateros.de\/wp-content\/uploads\/2019\/04\/image-1364.jpeg 480w, https:\/\/www.loszapateros.de\/wp-content\/uploads\/2019\/04\/image-1364-300x201.jpeg 300w\" sizes=\"auto, (max-width: 480px) 100vw, 480px\" \/><\/p>\n<p><img loading=\"lazy\" decoding=\"async\" width=\"480\" height=\"321\" class=\"wp-image-1865\" src=\"http:\/\/www.loszapateros.de\/wp-content\/uploads\/2019\/04\/image-1365.jpeg\" alt=\"Image\" srcset=\"https:\/\/www.loszapateros.de\/wp-content\/uploads\/2019\/04\/image-1365.jpeg 480w, https:\/\/www.loszapateros.de\/wp-content\/uploads\/2019\/04\/image-1365-300x201.jpeg 300w\" sizes=\"auto, (max-width: 480px) 100vw, 480px\" \/><\/p>\n<p>Aber na gut, nach einer Weile sah es dann schon gar nicht schlecht aus:<\/p>\n<p><img loading=\"lazy\" decoding=\"async\" width=\"480\" height=\"321\" class=\"wp-image-1866\" src=\"http:\/\/www.loszapateros.de\/wp-content\/uploads\/2019\/04\/image-1366.jpeg\" alt=\"Image\" srcset=\"https:\/\/www.loszapateros.de\/wp-content\/uploads\/2019\/04\/image-1366.jpeg 480w, https:\/\/www.loszapateros.de\/wp-content\/uploads\/2019\/04\/image-1366-300x201.jpeg 300w\" sizes=\"auto, (max-width: 480px) 100vw, 480px\" \/><\/p>\n<p>Und etwas sp\u00e4ter noch viel besser:<\/p>\n<p><img loading=\"lazy\" decoding=\"async\" width=\"480\" height=\"321\" class=\"wp-image-1867\" src=\"http:\/\/www.loszapateros.de\/wp-content\/uploads\/2019\/04\/image-1367.jpeg\" alt=\"Image\" srcset=\"https:\/\/www.loszapateros.de\/wp-content\/uploads\/2019\/04\/image-1367.jpeg 480w, https:\/\/www.loszapateros.de\/wp-content\/uploads\/2019\/04\/image-1367-300x201.jpeg 300w\" sizes=\"auto, (max-width: 480px) 100vw, 480px\" \/><\/p>\n<p>Man glaubt es kaum aber im Innenraum sieht man rein gar nichts von all dem Zeug:<\/p>\n<p><img loading=\"lazy\" decoding=\"async\" width=\"480\" height=\"321\" class=\"wp-image-1868\" src=\"http:\/\/www.loszapateros.de\/wp-content\/uploads\/2019\/04\/image-1368.jpeg\" alt=\"Image\" srcset=\"https:\/\/www.loszapateros.de\/wp-content\/uploads\/2019\/04\/image-1368.jpeg 480w, https:\/\/www.loszapateros.de\/wp-content\/uploads\/2019\/04\/image-1368-300x201.jpeg 300w\" sizes=\"auto, (max-width: 480px) 100vw, 480px\" \/><\/p>\n<p><img loading=\"lazy\" decoding=\"async\" width=\"480\" height=\"321\" class=\"wp-image-1869\" src=\"http:\/\/www.loszapateros.de\/wp-content\/uploads\/2019\/04\/image-1369.jpeg\" alt=\"Image\" srcset=\"https:\/\/www.loszapateros.de\/wp-content\/uploads\/2019\/04\/image-1369.jpeg 480w, https:\/\/www.loszapateros.de\/wp-content\/uploads\/2019\/04\/image-1369-300x201.jpeg 300w\" sizes=\"auto, (max-width: 480px) 100vw, 480px\" \/><\/p>\n<p><img loading=\"lazy\" decoding=\"async\" width=\"480\" height=\"321\" class=\"wp-image-1870\" src=\"http:\/\/www.loszapateros.de\/wp-content\/uploads\/2019\/04\/image-1370.jpeg\" alt=\"Image\" srcset=\"https:\/\/www.loszapateros.de\/wp-content\/uploads\/2019\/04\/image-1370.jpeg 480w, https:\/\/www.loszapateros.de\/wp-content\/uploads\/2019\/04\/image-1370-300x201.jpeg 300w\" sizes=\"auto, (max-width: 480px) 100vw, 480px\" \/><\/p>\n<p>Wir haben sogar noch massig Platz \u00fcbrig und all die Dinge, die nachher in F\u00e4chern oder Netzen untergebracht sind, sind mit in den Schr\u00e4nken, Kisten und F\u00e4chern. Die Dachboxen sind jeweils gerade mal zur h\u00e4lfte gef\u00fcllt. Es gibt noch viele viele Staum\u00f6glichkeiten und andere Gelegenheiten etwas unterzubringen.Die erste Bew\u00e4hrungsprobe w\u00e4re damit: <strong>Bestanden!<\/strong><\/td>\n<\/tr>\n<tr>\n<td>Zuletzt \u00fcberarbeitet ( 14. Juli 2011 um 12:47 )<\/td>\n<\/tr>\n<\/tbody>\n<\/table>\n<\/td>\n<\/tr>\n<\/tbody>\n<\/table>\n<\/td>\n<\/tr>\n<\/tbody>\n<\/table>\n<\/td>\n<\/tr>\n<\/tbody>\n<\/table>\n","protected":false},"excerpt":{"rendered":"<p>Transamerika-Reise\u00a0 \u00a0Packen &amp; Verschiffen Packen &amp; Verschiffen Verschiffen Geschrieben von Administrator 14. Juli 2011 um 12:43 Unsere Streichholzschachtel, wie meine Schwester den minicamper nennt :), ist inzwischen irgendwo auf See. Wir fuhren am Mittwoch Abend den 06.07.2011 los und erreichten den Hafen in Hamburg am Donnerstag den 07.07.2011 in der<a class=\"moretag\" href=\"https:\/\/www.loszapateros.de\/?page_id=1852\"> Weiterlesen<\/a><\/p>\n","protected":false},"author":1,"featured_media":0,"parent":0,"menu_order":0,"comment_status":"closed","ping_status":"closed","template":"","meta":{"footnotes":""},"class_list":["post-1852","page","type-page","status-publish","hentry"],"_links":{"self":[{"href":"https:\/\/www.loszapateros.de\/index.php?rest_route=\/wp\/v2\/pages\/1852","targetHints":{"allow":["GET"]}}],"collection":[{"href":"https:\/\/www.loszapateros.de\/index.php?rest_route=\/wp\/v2\/pages"}],"about":[{"href":"https:\/\/www.loszapateros.de\/index.php?rest_route=\/wp\/v2\/types\/page"}],"author":[{"embeddable":true,"href":"https:\/\/www.loszapateros.de\/index.php?rest_route=\/wp\/v2\/users\/1"}],"replies":[{"embeddable":true,"href":"https:\/\/www.loszapateros.de\/index.php?rest_route=%2Fwp%2Fv2%2Fcomments&post=1852"}],"version-history":[{"count":1,"href":"https:\/\/www.loszapateros.de\/index.php?rest_route=\/wp\/v2\/pages\/1852\/revisions"}],"predecessor-version":[{"id":1872,"href":"https:\/\/www.loszapateros.de\/index.php?rest_route=\/wp\/v2\/pages\/1852\/revisions\/1872"}],"wp:attachment":[{"href":"https:\/\/www.loszapateros.de\/index.php?rest_route=%2Fwp%2Fv2%2Fmedia&parent=1852"}],"curies":[{"name":"wp","href":"https:\/\/api.w.org\/{rel}","templated":true}]}}