{"id":297,"date":"2019-04-23T10:15:41","date_gmt":"2019-04-23T08:15:41","guid":{"rendered":"http:\/\/www.loszapateros.de\/?page_id=297"},"modified":"2019-04-23T10:15:41","modified_gmt":"2019-04-23T08:15:41","slug":"01-kanada-halifax-bis-montreal","status":"publish","type":"page","link":"https:\/\/www.loszapateros.de\/?page_id=297","title":{"rendered":"01 Kanada &#8211; Halifax bis Montreal"},"content":{"rendered":"<p>Transamerika-Reise\u00a0 <img loading=\"lazy\" decoding=\"async\" width=\"9\" height=\"9\" class=\"wp-image-298\" src=\"http:\/\/www.loszapateros.de\/wp-content\/uploads\/2019\/04\/arrow.png\" alt=\"arrow\" \/> \u00a0Kanada\u00a0 <img loading=\"lazy\" decoding=\"async\" width=\"9\" height=\"9\" class=\"wp-image-299\" src=\"http:\/\/www.loszapateros.de\/wp-content\/uploads\/2019\/04\/arrow-1.png\" alt=\"arrow\" \/> \u00a0Kanada- Halifax bis Montreal<\/p>\n<table>\n<tbody>\n<tr>\n<td>\n<table>\n<tbody>\n<tr>\n<td>Kanada- Halifax bis Montreal<\/td>\n<\/tr>\n<\/tbody>\n<\/table>\n<table>\n<tbody>\n<tr>\n<td>Geschrieben von Administrator<\/td>\n<\/tr>\n<tr>\n<td>31. Juli 2011 um 18:10<\/td>\n<\/tr>\n<tr>\n<td><strong>Dienstag, 26.07.11<\/strong><\/p>\n<p>Endlich war es soweit, wir durften unseren Toyota abholen. Dazu mussten wir zum Spediteur in Halifax um 10-min\u00fctigen Papierkram zu erledigen, der 150CAD kostete. Anschlie\u00dfend \u00a0liefen wir zum Zoll um die Zollpapiere zu bekommen, die notwendig sind um das Auto aus dem Hafen zu holen. Danach fuhren wir mit dem Taxi zum Hafen und konnten dort problemlos unser Auto abholen. Das ganze Procedere war sehr unb\u00fcrokratisch und kurz gehalten.<\/p>\n<p><img loading=\"lazy\" decoding=\"async\" width=\"480\" height=\"321\" class=\"wp-image-300\" src=\"http:\/\/www.loszapateros.de\/wp-content\/uploads\/2019\/04\/image.jpeg\" alt=\"Image\" srcset=\"https:\/\/www.loszapateros.de\/wp-content\/uploads\/2019\/04\/image.jpeg 480w, https:\/\/www.loszapateros.de\/wp-content\/uploads\/2019\/04\/image-300x201.jpeg 300w\" sizes=\"auto, (max-width: 480px) 100vw, 480px\" \/> 002<\/p>\n<p><img loading=\"lazy\" decoding=\"async\" width=\"480\" height=\"321\" class=\"wp-image-301\" src=\"http:\/\/www.loszapateros.de\/wp-content\/uploads\/2019\/04\/image-1.jpeg\" alt=\"Image\" srcset=\"https:\/\/www.loszapateros.de\/wp-content\/uploads\/2019\/04\/image-1.jpeg 480w, https:\/\/www.loszapateros.de\/wp-content\/uploads\/2019\/04\/image-1-300x201.jpeg 300w\" sizes=\"auto, (max-width: 480px) 100vw, 480px\" \/> 005<\/p>\n<p>Am selben Tag fuhren wir von Halifax aus nach Peggys Cove, ein kleines Fischerd\u00f6rfchen das allerdings touristisch recht frequentiert ist.<\/p>\n<p><img loading=\"lazy\" decoding=\"async\" width=\"480\" height=\"321\" class=\"wp-image-302\" src=\"http:\/\/www.loszapateros.de\/wp-content\/uploads\/2019\/04\/image-2.jpeg\" alt=\"Image\" srcset=\"https:\/\/www.loszapateros.de\/wp-content\/uploads\/2019\/04\/image-2.jpeg 480w, https:\/\/www.loszapateros.de\/wp-content\/uploads\/2019\/04\/image-2-300x201.jpeg 300w\" sizes=\"auto, (max-width: 480px) 100vw, 480px\" \/> 16<\/p>\n<p><img loading=\"lazy\" decoding=\"async\" width=\"480\" height=\"321\" class=\"wp-image-303\" src=\"http:\/\/www.loszapateros.de\/wp-content\/uploads\/2019\/04\/image-3.jpeg\" alt=\"Image\" srcset=\"https:\/\/www.loszapateros.de\/wp-content\/uploads\/2019\/04\/image-3.jpeg 480w, https:\/\/www.loszapateros.de\/wp-content\/uploads\/2019\/04\/image-3-300x201.jpeg 300w\" sizes=\"auto, (max-width: 480px) 100vw, 480px\" \/> 41<\/p>\n<p><img loading=\"lazy\" decoding=\"async\" width=\"480\" height=\"321\" class=\"wp-image-304\" src=\"http:\/\/www.loszapateros.de\/wp-content\/uploads\/2019\/04\/image-4.jpeg\" alt=\"Image\" srcset=\"https:\/\/www.loszapateros.de\/wp-content\/uploads\/2019\/04\/image-4.jpeg 480w, https:\/\/www.loszapateros.de\/wp-content\/uploads\/2019\/04\/image-4-300x201.jpeg 300w\" sizes=\"auto, (max-width: 480px) 100vw, 480px\" \/> 46<\/p>\n<p><strong>Mittwoch, 27.07.11<\/strong><\/p>\n<p>Wir passten Manfred mit seinem Enkel am Hafen ab. Die Beiden fahren mit ihrem Land Cruiser in die westlichen USA und wir wollten ein paar Km zusammen zur\u00fccklegen. Nachdem die Autos mit Lebensmitteln und sonstigem ausgestattet waren fuhren wir los. \u00a0Manfred lud uns abends zu Pommes und frittiertem Lobster ein. An diesem Ort schlugen wir auch unser erstes Nachtlager auf.<\/p>\n<p><img loading=\"lazy\" decoding=\"async\" width=\"480\" height=\"321\" class=\"wp-image-305\" src=\"http:\/\/www.loszapateros.de\/wp-content\/uploads\/2019\/04\/image-5.jpeg\" alt=\"Image\" srcset=\"https:\/\/www.loszapateros.de\/wp-content\/uploads\/2019\/04\/image-5.jpeg 480w, https:\/\/www.loszapateros.de\/wp-content\/uploads\/2019\/04\/image-5-300x201.jpeg 300w\" sizes=\"auto, (max-width: 480px) 100vw, 480px\" \/> 06<\/p>\n<p>Der frittierte Fra\u00df bekam mir nicht all zu gut, deshalb lie\u00df ich ihn mir in der Nacht nochmal durch den Kopf gehen. Ab jetzt wird selber gekocht, das ist sicher!<\/p>\n<p><img loading=\"lazy\" decoding=\"async\" width=\"480\" height=\"321\" class=\"wp-image-306\" src=\"http:\/\/www.loszapateros.de\/wp-content\/uploads\/2019\/04\/image-6.jpeg\" alt=\"Image\" srcset=\"https:\/\/www.loszapateros.de\/wp-content\/uploads\/2019\/04\/image-6.jpeg 480w, https:\/\/www.loszapateros.de\/wp-content\/uploads\/2019\/04\/image-6-300x201.jpeg 300w\" sizes=\"auto, (max-width: 480px) 100vw, 480px\" \/> 08<\/p>\n<p><strong>Donnerstag, 28.07.11<\/strong><\/p>\n<p>Wir fuhren weiter Richtung Norden. So langsam wurde es franz\u00f6sisch und man konnte stellenweise sogar recht annehmbares Brot kaufen. Wir bekamen wir von einem Einheimischen einen Tip wo sich ein Brunnen finden l\u00e4sst, an dem wir Wasser auff\u00fcllen k\u00f6nnen<\/p>\n<p><img loading=\"lazy\" decoding=\"async\" width=\"480\" height=\"717\" class=\"wp-image-307\" src=\"http:\/\/www.loszapateros.de\/wp-content\/uploads\/2019\/04\/image-7.jpeg\" alt=\"Image\" srcset=\"https:\/\/www.loszapateros.de\/wp-content\/uploads\/2019\/04\/image-7.jpeg 480w, https:\/\/www.loszapateros.de\/wp-content\/uploads\/2019\/04\/image-7-201x300.jpeg 201w\" sizes=\"auto, (max-width: 480px) 100vw, 480px\" \/> 028<\/p>\n<p>Bei uns wird Wiederverwertung gro\u00df geschrieben. Die 40 Liter Wasser auf der Motorhaube entlasten nicht nur die Hinterachse sondern sind durch die Abw\u00e4rme des Motors am Abend angenehm warm.<\/p>\n<p><img loading=\"lazy\" decoding=\"async\" width=\"480\" height=\"717\" class=\"wp-image-308\" src=\"http:\/\/www.loszapateros.de\/wp-content\/uploads\/2019\/04\/image-8.jpeg\" alt=\"Image\" srcset=\"https:\/\/www.loszapateros.de\/wp-content\/uploads\/2019\/04\/image-8.jpeg 480w, https:\/\/www.loszapateros.de\/wp-content\/uploads\/2019\/04\/image-8-201x300.jpeg 201w\" sizes=\"auto, (max-width: 480px) 100vw, 480px\" \/> 036<\/p>\n<p>Nach vielen Kilometern auf Asphalt erstellte ich einen Track der auf direktestem Weg zu unserem Ziel f\u00fchrte, allerdings \u00fcber schlechte Wege, die in Kanada \u00a0noch zu den ganz normalen Stra\u00dfen z\u00e4hlen.<\/p>\n<p><img loading=\"lazy\" decoding=\"async\" width=\"480\" height=\"321\" class=\"wp-image-309\" src=\"http:\/\/www.loszapateros.de\/wp-content\/uploads\/2019\/04\/image-9.jpeg\" alt=\"Image\" srcset=\"https:\/\/www.loszapateros.de\/wp-content\/uploads\/2019\/04\/image-9.jpeg 480w, https:\/\/www.loszapateros.de\/wp-content\/uploads\/2019\/04\/image-9-300x201.jpeg 300w\" sizes=\"auto, (max-width: 480px) 100vw, 480px\" \/> 022<\/p>\n<p><img loading=\"lazy\" decoding=\"async\" width=\"480\" height=\"321\" class=\"wp-image-310\" src=\"http:\/\/www.loszapateros.de\/wp-content\/uploads\/2019\/04\/image-10.jpeg\" alt=\"Image\" srcset=\"https:\/\/www.loszapateros.de\/wp-content\/uploads\/2019\/04\/image-10.jpeg 480w, https:\/\/www.loszapateros.de\/wp-content\/uploads\/2019\/04\/image-10-300x201.jpeg 300w\" sizes=\"auto, (max-width: 480px) 100vw, 480px\" \/> 044<\/p>\n<p><img loading=\"lazy\" decoding=\"async\" width=\"480\" height=\"321\" class=\"wp-image-311\" src=\"http:\/\/www.loszapateros.de\/wp-content\/uploads\/2019\/04\/image-11.jpeg\" alt=\"Image\" srcset=\"https:\/\/www.loszapateros.de\/wp-content\/uploads\/2019\/04\/image-11.jpeg 480w, https:\/\/www.loszapateros.de\/wp-content\/uploads\/2019\/04\/image-11-300x201.jpeg 300w\" sizes=\"auto, (max-width: 480px) 100vw, 480px\" \/> 045<\/p>\n<p><img loading=\"lazy\" decoding=\"async\" width=\"480\" height=\"321\" class=\"wp-image-312\" src=\"http:\/\/www.loszapateros.de\/wp-content\/uploads\/2019\/04\/image-12.jpeg\" alt=\"Image\" srcset=\"https:\/\/www.loszapateros.de\/wp-content\/uploads\/2019\/04\/image-12.jpeg 480w, https:\/\/www.loszapateros.de\/wp-content\/uploads\/2019\/04\/image-12-300x201.jpeg 300w\" sizes=\"auto, (max-width: 480px) 100vw, 480px\" \/> 058<\/p>\n<p>Am Abend erreichten wir schlie\u00dflich noch einen Stellplatz im Gr\u00fcnen der in jede Richtung ca 100 km von der n\u00e4chsten Stadt entfernt war.<\/p>\n<p><img loading=\"lazy\" decoding=\"async\" width=\"480\" height=\"321\" class=\"wp-image-313\" src=\"http:\/\/www.loszapateros.de\/wp-content\/uploads\/2019\/04\/image-13.jpeg\" alt=\"Image\" srcset=\"https:\/\/www.loszapateros.de\/wp-content\/uploads\/2019\/04\/image-13.jpeg 480w, https:\/\/www.loszapateros.de\/wp-content\/uploads\/2019\/04\/image-13-300x201.jpeg 300w\" sizes=\"auto, (max-width: 480px) 100vw, 480px\" \/> 087<\/p>\n<p><strong>Freitag, 29.07.11<\/strong><\/p>\n<p>Wir holten Wasser am Flu\u00df um unsere Vorr\u00e4te aufzuf\u00fcllen. Insgesamt hatten wir nun 80 Liter Wasser in je 20-Liter Portionen an Bord.<\/p>\n<p><img loading=\"lazy\" decoding=\"async\" width=\"480\" height=\"321\" class=\"wp-image-314\" src=\"http:\/\/www.loszapateros.de\/wp-content\/uploads\/2019\/04\/image-14.jpeg\" alt=\"Image\" srcset=\"https:\/\/www.loszapateros.de\/wp-content\/uploads\/2019\/04\/image-14.jpeg 480w, https:\/\/www.loszapateros.de\/wp-content\/uploads\/2019\/04\/image-14-300x201.jpeg 300w\" sizes=\"auto, (max-width: 480px) 100vw, 480px\" \/> 03<\/p>\n<p><img loading=\"lazy\" decoding=\"async\" width=\"480\" height=\"321\" class=\"wp-image-315\" src=\"http:\/\/www.loszapateros.de\/wp-content\/uploads\/2019\/04\/image-15.jpeg\" alt=\"Image\" srcset=\"https:\/\/www.loszapateros.de\/wp-content\/uploads\/2019\/04\/image-15.jpeg 480w, https:\/\/www.loszapateros.de\/wp-content\/uploads\/2019\/04\/image-15-300x201.jpeg 300w\" sizes=\"auto, (max-width: 480px) 100vw, 480px\" \/> 010<\/p>\n<p><img loading=\"lazy\" decoding=\"async\" width=\"480\" height=\"717\" class=\"wp-image-316\" src=\"http:\/\/www.loszapateros.de\/wp-content\/uploads\/2019\/04\/image-16.jpeg\" alt=\"Image\" srcset=\"https:\/\/www.loszapateros.de\/wp-content\/uploads\/2019\/04\/image-16.jpeg 480w, https:\/\/www.loszapateros.de\/wp-content\/uploads\/2019\/04\/image-16-201x300.jpeg 201w\" sizes=\"auto, (max-width: 480px) 100vw, 480px\" \/> 012<\/p>\n<p>Wir fuhren \u00fcber Grand Falls weiter Richtung Norden an der Grenze der USA entlang, um dann wieder Richtung S\u00fcden zu fahren nach Quebec.<\/p>\n<p><img loading=\"lazy\" decoding=\"async\" width=\"480\" height=\"717\" class=\"wp-image-317\" src=\"http:\/\/www.loszapateros.de\/wp-content\/uploads\/2019\/04\/image-17.jpeg\" alt=\"Image\" srcset=\"https:\/\/www.loszapateros.de\/wp-content\/uploads\/2019\/04\/image-17.jpeg 480w, https:\/\/www.loszapateros.de\/wp-content\/uploads\/2019\/04\/image-17-201x300.jpeg 201w\" sizes=\"auto, (max-width: 480px) 100vw, 480px\" \/> 016-2<\/p>\n<p><img loading=\"lazy\" decoding=\"async\" width=\"480\" height=\"321\" class=\"wp-image-318\" src=\"http:\/\/www.loszapateros.de\/wp-content\/uploads\/2019\/04\/image-18.jpeg\" alt=\"Image\" srcset=\"https:\/\/www.loszapateros.de\/wp-content\/uploads\/2019\/04\/image-18.jpeg 480w, https:\/\/www.loszapateros.de\/wp-content\/uploads\/2019\/04\/image-18-300x201.jpeg 300w\" sizes=\"auto, (max-width: 480px) 100vw, 480px\" \/> 022-2<\/p>\n<p>In Grand Falls trafen wir einen Landcruiser-Freak, der uns auf unsere Autos ansprach.<\/p>\n<p><img loading=\"lazy\" decoding=\"async\" width=\"480\" height=\"321\" class=\"wp-image-319\" src=\"http:\/\/www.loszapateros.de\/wp-content\/uploads\/2019\/04\/image-19.jpeg\" alt=\"Image\" srcset=\"https:\/\/www.loszapateros.de\/wp-content\/uploads\/2019\/04\/image-19.jpeg 480w, https:\/\/www.loszapateros.de\/wp-content\/uploads\/2019\/04\/image-19-300x201.jpeg 300w\" sizes=\"auto, (max-width: 480px) 100vw, 480px\" \/> 024<\/p>\n<p>Mittags suchten wir uns ein gr\u00fcnes Fleckchen um Spaghetti zu kochen. Am Abend erreichten wir Quebec, die einzige Stadt Nordamerikas mit intakten Festungsanlagen.<\/p>\n<p><img loading=\"lazy\" decoding=\"async\" width=\"480\" height=\"321\" class=\"wp-image-320\" src=\"http:\/\/www.loszapateros.de\/wp-content\/uploads\/2019\/04\/image-20.jpeg\" alt=\"Image\" srcset=\"https:\/\/www.loszapateros.de\/wp-content\/uploads\/2019\/04\/image-20.jpeg 480w, https:\/\/www.loszapateros.de\/wp-content\/uploads\/2019\/04\/image-20-300x201.jpeg 300w\" sizes=\"auto, (max-width: 480px) 100vw, 480px\" \/> 052<\/p>\n<p><img loading=\"lazy\" decoding=\"async\" width=\"480\" height=\"321\" class=\"wp-image-321\" src=\"http:\/\/www.loszapateros.de\/wp-content\/uploads\/2019\/04\/image-21.jpeg\" alt=\"Image\" srcset=\"https:\/\/www.loszapateros.de\/wp-content\/uploads\/2019\/04\/image-21.jpeg 480w, https:\/\/www.loszapateros.de\/wp-content\/uploads\/2019\/04\/image-21-300x201.jpeg 300w\" sizes=\"auto, (max-width: 480px) 100vw, 480px\" \/> 037<\/p>\n<p>Anschlie\u00dfend fuhren wir auf einen Walmart-Parkplatz am Stadtrand. Wir wussten, dass es toleriert wird eine Nacht dort zu campen, aber regelrechtes Campingplatz-Aufgebot h\u00e4tten wir nicht erwartet.<\/p>\n<p><img loading=\"lazy\" decoding=\"async\" width=\"480\" height=\"321\" class=\"wp-image-322\" src=\"http:\/\/www.loszapateros.de\/wp-content\/uploads\/2019\/04\/image-22.jpeg\" alt=\"Image\" srcset=\"https:\/\/www.loszapateros.de\/wp-content\/uploads\/2019\/04\/image-22.jpeg 480w, https:\/\/www.loszapateros.de\/wp-content\/uploads\/2019\/04\/image-22-300x201.jpeg 300w\" sizes=\"auto, (max-width: 480px) 100vw, 480px\" \/> 069<\/p>\n<p><img loading=\"lazy\" decoding=\"async\" width=\"480\" height=\"321\" class=\"wp-image-323\" src=\"http:\/\/www.loszapateros.de\/wp-content\/uploads\/2019\/04\/image-23.jpeg\" alt=\"Image\" srcset=\"https:\/\/www.loszapateros.de\/wp-content\/uploads\/2019\/04\/image-23.jpeg 480w, https:\/\/www.loszapateros.de\/wp-content\/uploads\/2019\/04\/image-23-300x201.jpeg 300w\" sizes=\"auto, (max-width: 480px) 100vw, 480px\" \/> 070<\/p>\n<p><img loading=\"lazy\" decoding=\"async\" width=\"480\" height=\"321\" class=\"wp-image-324\" src=\"http:\/\/www.loszapateros.de\/wp-content\/uploads\/2019\/04\/image-24.jpeg\" alt=\"Image\" srcset=\"https:\/\/www.loszapateros.de\/wp-content\/uploads\/2019\/04\/image-24.jpeg 480w, https:\/\/www.loszapateros.de\/wp-content\/uploads\/2019\/04\/image-24-300x201.jpeg 300w\" sizes=\"auto, (max-width: 480px) 100vw, 480px\" \/> 078<\/p>\n<p><strong>Samstag, 30.07.11<\/strong><\/p>\n<p>Wir trennten uns von Manfred und Marco und fuhren um 10 Uhr los nach Montreal. Die Entfernung von ca. 250 Km schafften wir in knapp 3 Stunden.<\/p>\n<p><img loading=\"lazy\" decoding=\"async\" width=\"480\" height=\"321\" class=\"wp-image-325\" src=\"http:\/\/www.loszapateros.de\/wp-content\/uploads\/2019\/04\/image-25.jpeg\" alt=\"Image\" srcset=\"https:\/\/www.loszapateros.de\/wp-content\/uploads\/2019\/04\/image-25.jpeg 480w, https:\/\/www.loszapateros.de\/wp-content\/uploads\/2019\/04\/image-25-300x201.jpeg 300w\" sizes=\"auto, (max-width: 480px) 100vw, 480px\" \/> 086<\/p>\n<p>In Montreal besuchten wir Julia und Dominik, die beide ein Praxissemester dort verbringen. Da sie gerade am Umziehen waren und kein Auto hatten erkl\u00e4rten wir uns nat\u00fcrlich bereit Ihnen zu helfen. So wurde unser Mobilehome zu einem Transporter:<\/p>\n<p><img loading=\"lazy\" decoding=\"async\" width=\"480\" height=\"321\" class=\"wp-image-326\" src=\"http:\/\/www.loszapateros.de\/wp-content\/uploads\/2019\/04\/image-26.jpeg\" alt=\"Image\" srcset=\"https:\/\/www.loszapateros.de\/wp-content\/uploads\/2019\/04\/image-26.jpeg 480w, https:\/\/www.loszapateros.de\/wp-content\/uploads\/2019\/04\/image-26-300x201.jpeg 300w\" sizes=\"auto, (max-width: 480px) 100vw, 480px\" \/> 090<\/p>\n<p><img loading=\"lazy\" decoding=\"async\" width=\"480\" height=\"321\" class=\"wp-image-327\" src=\"http:\/\/www.loszapateros.de\/wp-content\/uploads\/2019\/04\/image-27.jpeg\" alt=\"Image\" srcset=\"https:\/\/www.loszapateros.de\/wp-content\/uploads\/2019\/04\/image-27.jpeg 480w, https:\/\/www.loszapateros.de\/wp-content\/uploads\/2019\/04\/image-27-300x201.jpeg 300w\" sizes=\"auto, (max-width: 480px) 100vw, 480px\" \/> 098<\/p>\n<p><img loading=\"lazy\" decoding=\"async\" width=\"480\" height=\"321\" class=\"wp-image-328\" src=\"http:\/\/www.loszapateros.de\/wp-content\/uploads\/2019\/04\/image-28.jpeg\" alt=\"Image\" srcset=\"https:\/\/www.loszapateros.de\/wp-content\/uploads\/2019\/04\/image-28.jpeg 480w, https:\/\/www.loszapateros.de\/wp-content\/uploads\/2019\/04\/image-28-300x201.jpeg 300w\" sizes=\"auto, (max-width: 480px) 100vw, 480px\" \/> 110<\/p>\n<p>Nach einem gem\u00fctlichen Abendessen schauten wir uns gemeinsam das Finale der Feuerwerksweltmeisterschaften an.<\/p>\n<p><img loading=\"lazy\" decoding=\"async\" width=\"480\" height=\"321\" class=\"wp-image-329\" src=\"http:\/\/www.loszapateros.de\/wp-content\/uploads\/2019\/04\/image-29.jpeg\" alt=\"Image\" srcset=\"https:\/\/www.loszapateros.de\/wp-content\/uploads\/2019\/04\/image-29.jpeg 480w, https:\/\/www.loszapateros.de\/wp-content\/uploads\/2019\/04\/image-29-300x201.jpeg 300w\" sizes=\"auto, (max-width: 480px) 100vw, 480px\" \/> 216<\/td>\n<\/tr>\n<tr>\n<td>Zuletzt \u00fcberarbeitet ( 31. Juli 2011 um 18:49 )<\/td>\n<\/tr>\n<\/tbody>\n<\/table>\n<\/td>\n<\/tr>\n<\/tbody>\n<\/table>\n","protected":false},"excerpt":{"rendered":"<p>Transamerika-Reise\u00a0 \u00a0Kanada\u00a0 \u00a0Kanada- Halifax bis Montreal Kanada- Halifax bis Montreal Geschrieben von Administrator 31. Juli 2011 um 18:10 Dienstag, 26.07.11 Endlich war es soweit, wir durften unseren Toyota abholen. Dazu mussten wir zum Spediteur in Halifax um 10-min\u00fctigen Papierkram zu erledigen, der 150CAD kostete. Anschlie\u00dfend \u00a0liefen wir zum Zoll um<a class=\"moretag\" href=\"https:\/\/www.loszapateros.de\/?page_id=297\"> Weiterlesen<\/a><\/p>\n","protected":false},"author":1,"featured_media":0,"parent":0,"menu_order":0,"comment_status":"closed","ping_status":"closed","template":"","meta":{"footnotes":""},"class_list":["post-297","page","type-page","status-publish","hentry"],"_links":{"self":[{"href":"https:\/\/www.loszapateros.de\/index.php?rest_route=\/wp\/v2\/pages\/297","targetHints":{"allow":["GET"]}}],"collection":[{"href":"https:\/\/www.loszapateros.de\/index.php?rest_route=\/wp\/v2\/pages"}],"about":[{"href":"https:\/\/www.loszapateros.de\/index.php?rest_route=\/wp\/v2\/types\/page"}],"author":[{"embeddable":true,"href":"https:\/\/www.loszapateros.de\/index.php?rest_route=\/wp\/v2\/users\/1"}],"replies":[{"embeddable":true,"href":"https:\/\/www.loszapateros.de\/index.php?rest_route=%2Fwp%2Fv2%2Fcomments&post=297"}],"version-history":[{"count":1,"href":"https:\/\/www.loszapateros.de\/index.php?rest_route=\/wp\/v2\/pages\/297\/revisions"}],"predecessor-version":[{"id":331,"href":"https:\/\/www.loszapateros.de\/index.php?rest_route=\/wp\/v2\/pages\/297\/revisions\/331"}],"wp:attachment":[{"href":"https:\/\/www.loszapateros.de\/index.php?rest_route=%2Fwp%2Fv2%2Fmedia&parent=297"}],"curies":[{"name":"wp","href":"https:\/\/api.w.org\/{rel}","templated":true}]}}