{"id":653,"date":"2019-04-23T10:35:42","date_gmt":"2019-04-23T08:35:42","guid":{"rendered":"http:\/\/www.loszapateros.de\/?page_id=653"},"modified":"2019-04-23T10:35:43","modified_gmt":"2019-04-23T08:35:43","slug":"07-kanada-alaska-bis-vancouver","status":"publish","type":"page","link":"https:\/\/www.loszapateros.de\/?page_id=653","title":{"rendered":"07 Kanada &#8211; Alaska bis Vancouver"},"content":{"rendered":"<p>Reisebericht 7<\/p>\n<p>Montag, 05.09.2011<\/p>\n<p>Zur\u00fcck in Kanada fahren wir den Alaska Highway Richtung Whitehorse. Die Landschaft ist wieder mal supersch\u00f6n:<\/p>\n<p><img loading=\"lazy\" decoding=\"async\" width=\"1024\" height=\"685\" class=\"wp-image-654\" src=\"http:\/\/www.loszapateros.de\/wp-content\/uploads\/2019\/04\/word-image.jpeg\" srcset=\"https:\/\/www.loszapateros.de\/wp-content\/uploads\/2019\/04\/word-image.jpeg 1024w, https:\/\/www.loszapateros.de\/wp-content\/uploads\/2019\/04\/word-image-300x201.jpeg 300w, https:\/\/www.loszapateros.de\/wp-content\/uploads\/2019\/04\/word-image-768x514.jpeg 768w\" sizes=\"auto, (max-width: 1024px) 100vw, 1024px\" \/> {Mosimage}DSC_1799<\/p>\n<p><img loading=\"lazy\" decoding=\"async\" width=\"1024\" height=\"685\" class=\"wp-image-655\" src=\"http:\/\/www.loszapateros.de\/wp-content\/uploads\/2019\/04\/word-image-1.jpeg\" srcset=\"https:\/\/www.loszapateros.de\/wp-content\/uploads\/2019\/04\/word-image-1.jpeg 1024w, https:\/\/www.loszapateros.de\/wp-content\/uploads\/2019\/04\/word-image-1-300x201.jpeg 300w, https:\/\/www.loszapateros.de\/wp-content\/uploads\/2019\/04\/word-image-1-768x514.jpeg 768w\" sizes=\"auto, (max-width: 1024px) 100vw, 1024px\" \/> {Mosimage}DSC_1823<\/p>\n<p><img loading=\"lazy\" decoding=\"async\" width=\"1024\" height=\"685\" class=\"wp-image-656\" src=\"http:\/\/www.loszapateros.de\/wp-content\/uploads\/2019\/04\/word-image-2.jpeg\" srcset=\"https:\/\/www.loszapateros.de\/wp-content\/uploads\/2019\/04\/word-image-2.jpeg 1024w, https:\/\/www.loszapateros.de\/wp-content\/uploads\/2019\/04\/word-image-2-300x201.jpeg 300w, https:\/\/www.loszapateros.de\/wp-content\/uploads\/2019\/04\/word-image-2-768x514.jpeg 768w\" sizes=\"auto, (max-width: 1024px) 100vw, 1024px\" \/> {Mosimage}DSC_1831<\/p>\n<p>An einem See drehen wir ein paar Runden im Wasser.<\/p>\n<p><img loading=\"lazy\" decoding=\"async\" width=\"1024\" height=\"685\" class=\"wp-image-657\" src=\"http:\/\/www.loszapateros.de\/wp-content\/uploads\/2019\/04\/word-image-3.jpeg\" srcset=\"https:\/\/www.loszapateros.de\/wp-content\/uploads\/2019\/04\/word-image-3.jpeg 1024w, https:\/\/www.loszapateros.de\/wp-content\/uploads\/2019\/04\/word-image-3-300x201.jpeg 300w, https:\/\/www.loszapateros.de\/wp-content\/uploads\/2019\/04\/word-image-3-768x514.jpeg 768w\" sizes=\"auto, (max-width: 1024px) 100vw, 1024px\" \/> {Mosimage}DSC_1809<\/p>\n<p>An einem anderen See fahren wir uns im Sand fest. Ein kleiner Busch muss herhalten um uns aus der Patsche zu helfen. Schlecht f\u00fcr den Busch, gut f\u00fcr uns \ud83d\ude09<\/p>\n<p><img loading=\"lazy\" decoding=\"async\" width=\"1024\" height=\"685\" class=\"wp-image-658\" src=\"http:\/\/www.loszapateros.de\/wp-content\/uploads\/2019\/04\/word-image-4.jpeg\" srcset=\"https:\/\/www.loszapateros.de\/wp-content\/uploads\/2019\/04\/word-image-4.jpeg 1024w, https:\/\/www.loszapateros.de\/wp-content\/uploads\/2019\/04\/word-image-4-300x201.jpeg 300w, https:\/\/www.loszapateros.de\/wp-content\/uploads\/2019\/04\/word-image-4-768x514.jpeg 768w\" sizes=\"auto, (max-width: 1024px) 100vw, 1024px\" \/> {Mosimage}DSC_1847<\/p>\n<p><img loading=\"lazy\" decoding=\"async\" width=\"1024\" height=\"685\" class=\"wp-image-659\" src=\"http:\/\/www.loszapateros.de\/wp-content\/uploads\/2019\/04\/word-image-5.jpeg\" srcset=\"https:\/\/www.loszapateros.de\/wp-content\/uploads\/2019\/04\/word-image-5.jpeg 1024w, https:\/\/www.loszapateros.de\/wp-content\/uploads\/2019\/04\/word-image-5-300x201.jpeg 300w, https:\/\/www.loszapateros.de\/wp-content\/uploads\/2019\/04\/word-image-5-768x514.jpeg 768w\" sizes=\"auto, (max-width: 1024px) 100vw, 1024px\" \/> {Mosimage}DSC_1851<\/p>\n<p>Am Abend erreichen wir Whitehorse und \u00fcbernachten auf dem Walmart Parkplatz.<\/p>\n<p>Dienstag, 06.09.2011<\/p>\n<p>Weiter geht&#8217;s auf dem Alaska Highway. Wir wollen die 37 Richtung S\u00fcden fahren. Von der Abfahrt aus fahren wir rund 250 km bis Dease Lake. Ab dort ist die Stra\u00dfe gesperrt &#8211; Erdrutsch und \u00dcberschwemmung:<\/p>\n<p><img loading=\"lazy\" decoding=\"async\" width=\"1024\" height=\"685\" class=\"wp-image-660\" src=\"http:\/\/www.loszapateros.de\/wp-content\/uploads\/2019\/04\/word-image-6.jpeg\" srcset=\"https:\/\/www.loszapateros.de\/wp-content\/uploads\/2019\/04\/word-image-6.jpeg 1024w, https:\/\/www.loszapateros.de\/wp-content\/uploads\/2019\/04\/word-image-6-300x201.jpeg 300w, https:\/\/www.loszapateros.de\/wp-content\/uploads\/2019\/04\/word-image-6-768x514.jpeg 768w\" sizes=\"auto, (max-width: 1024px) 100vw, 1024px\" \/> {Mosimage}DSC_1856<\/p>\n<p>Es ist bereits 20:45 Uhr, doch da es tagelang dauern kann bis die Stra\u00dfe wieder ge\u00f6ffnet wird entscheiden wir uns umzukehren.<\/p>\n<p>Wir haben Gl\u00fcck, auf dem R\u00fcckweg sehen wir unsere lang ersehnten ersten Nordlichter:<\/p>\n<p><img loading=\"lazy\" decoding=\"async\" width=\"1024\" height=\"685\" class=\"wp-image-661\" src=\"http:\/\/www.loszapateros.de\/wp-content\/uploads\/2019\/04\/word-image-7.jpeg\" srcset=\"https:\/\/www.loszapateros.de\/wp-content\/uploads\/2019\/04\/word-image-7.jpeg 1024w, https:\/\/www.loszapateros.de\/wp-content\/uploads\/2019\/04\/word-image-7-300x201.jpeg 300w, https:\/\/www.loszapateros.de\/wp-content\/uploads\/2019\/04\/word-image-7-768x514.jpeg 768w\" sizes=\"auto, (max-width: 1024px) 100vw, 1024px\" \/> {Mosimage}DSC_1858<\/p>\n<p>Weit nach Mitternacht sind wir wieder zur\u00fcck auf dem Alaska Highway. Wir fahren noch ein St\u00fcck und \u00fcbernachten in Contact Creek.<\/p>\n<p>Mittwoch, 07.09.2011<\/p>\n<p>Wir verbringen beinahe den ganzen Tag im Auto auf dem Weg nach Dawson Creek. Wegen der Stra\u00dfensperre m\u00fcssen wir einen gro\u00dfen Bogen fahren, aber der Umweg lohnt sich. Am Stra\u00dfenrand ist tierisch was los:<\/p>\n<p><img loading=\"lazy\" decoding=\"async\" width=\"1024\" height=\"685\" class=\"wp-image-662\" src=\"http:\/\/www.loszapateros.de\/wp-content\/uploads\/2019\/04\/word-image-8.jpeg\" srcset=\"https:\/\/www.loszapateros.de\/wp-content\/uploads\/2019\/04\/word-image-8.jpeg 1024w, https:\/\/www.loszapateros.de\/wp-content\/uploads\/2019\/04\/word-image-8-300x201.jpeg 300w, https:\/\/www.loszapateros.de\/wp-content\/uploads\/2019\/04\/word-image-8-768x514.jpeg 768w\" sizes=\"auto, (max-width: 1024px) 100vw, 1024px\" \/> {Mosimage}DSC_1927<\/p>\n<p><img loading=\"lazy\" decoding=\"async\" width=\"1024\" height=\"685\" class=\"wp-image-663\" src=\"http:\/\/www.loszapateros.de\/wp-content\/uploads\/2019\/04\/word-image-9.jpeg\" srcset=\"https:\/\/www.loszapateros.de\/wp-content\/uploads\/2019\/04\/word-image-9.jpeg 1024w, https:\/\/www.loszapateros.de\/wp-content\/uploads\/2019\/04\/word-image-9-300x201.jpeg 300w, https:\/\/www.loszapateros.de\/wp-content\/uploads\/2019\/04\/word-image-9-768x514.jpeg 768w\" sizes=\"auto, (max-width: 1024px) 100vw, 1024px\" \/> {Mosimage}DSC_1932<\/p>\n<p><img loading=\"lazy\" decoding=\"async\" width=\"1024\" height=\"685\" class=\"wp-image-664\" src=\"http:\/\/www.loszapateros.de\/wp-content\/uploads\/2019\/04\/word-image-10.jpeg\" srcset=\"https:\/\/www.loszapateros.de\/wp-content\/uploads\/2019\/04\/word-image-10.jpeg 1024w, https:\/\/www.loszapateros.de\/wp-content\/uploads\/2019\/04\/word-image-10-300x201.jpeg 300w, https:\/\/www.loszapateros.de\/wp-content\/uploads\/2019\/04\/word-image-10-768x514.jpeg 768w\" sizes=\"auto, (max-width: 1024px) 100vw, 1024px\" \/> {Mosimage}DSC_1978<\/p>\n<p>Und wir fallen aus allen Wolken. Nach fast 6 Wochen vergeblicher Suche (unser Verdacht, die Spezies Elch sei bereits ausgestorben hatte sich bereits verh\u00e4rtet) wagen sich gleich 3 Elche vor unsere Linse:<\/p>\n<p><img loading=\"lazy\" decoding=\"async\" width=\"1024\" height=\"685\" class=\"wp-image-665\" src=\"http:\/\/www.loszapateros.de\/wp-content\/uploads\/2019\/04\/word-image-11.jpeg\" srcset=\"https:\/\/www.loszapateros.de\/wp-content\/uploads\/2019\/04\/word-image-11.jpeg 1024w, https:\/\/www.loszapateros.de\/wp-content\/uploads\/2019\/04\/word-image-11-300x201.jpeg 300w, https:\/\/www.loszapateros.de\/wp-content\/uploads\/2019\/04\/word-image-11-768x514.jpeg 768w\" sizes=\"auto, (max-width: 1024px) 100vw, 1024px\" \/> {Mosimage}DSC_1940<\/p>\n<p><img loading=\"lazy\" decoding=\"async\" width=\"1024\" height=\"685\" class=\"wp-image-666\" src=\"http:\/\/www.loszapateros.de\/wp-content\/uploads\/2019\/04\/word-image-12.jpeg\" srcset=\"https:\/\/www.loszapateros.de\/wp-content\/uploads\/2019\/04\/word-image-12.jpeg 1024w, https:\/\/www.loszapateros.de\/wp-content\/uploads\/2019\/04\/word-image-12-300x201.jpeg 300w, https:\/\/www.loszapateros.de\/wp-content\/uploads\/2019\/04\/word-image-12-768x514.jpeg 768w\" sizes=\"auto, (max-width: 1024px) 100vw, 1024px\" \/> {Mosimage}DSC_1949<\/p>\n<p>Erst am sp\u00e4ten Abend erreichen wir den Walmart Parkplatz in Dawson Creek.<\/p>\n<p>Donnerstag, 08.09.2011<\/p>\n<p>Philip hat beinahe die ganze Nacht im Internet verbracht und die Batterie komplett leergesaugt. Als Resultat springt unser Auto nicht mehr an. 3 Jungs aus Deutschland bieten uns ihre Hilfe an. Sie fahren in die selbe Richtung, wir entscheiden uns also eine Weile gemeinsam weiterzureisen. Unser n\u00e4chstes Ziel ist Prince George. Dort lassen wir den Abend auf einem Schotterplatz etwas au\u00dferhalb der Stadt in gem\u00fctlicher (feucht-fr\u00f6hlicher) Runde ausklingen<\/p>\n<p><img loading=\"lazy\" decoding=\"async\" width=\"1024\" height=\"685\" class=\"wp-image-667\" src=\"http:\/\/www.loszapateros.de\/wp-content\/uploads\/2019\/04\/word-image-13.jpeg\" srcset=\"https:\/\/www.loszapateros.de\/wp-content\/uploads\/2019\/04\/word-image-13.jpeg 1024w, https:\/\/www.loszapateros.de\/wp-content\/uploads\/2019\/04\/word-image-13-300x201.jpeg 300w, https:\/\/www.loszapateros.de\/wp-content\/uploads\/2019\/04\/word-image-13-768x514.jpeg 768w\" sizes=\"auto, (max-width: 1024px) 100vw, 1024px\" \/> {Mosimage}DSC_003<\/p>\n<p>Freitag, 09.09.2011<\/p>\n<p>Wir machen uns auf den Weg nach Vancouver. Nach einigen P\u00e4uschen entlang der 97 biegen wir ab auf die 99, wo wir uns am Abend einen Schlafplatz suchen. Wir fahren in einen Feldweg. Scheint ein nettes Pl\u00e4tzchen zu sein &#8211; wir bleiben. Den Rest des Abends verbringen wir damit eine riesige Menge Bratkartoffeln zuzubereiten. Dazu gibt es nochmal wundersch\u00f6ne Nordlichter:<\/p>\n<p><img loading=\"lazy\" decoding=\"async\" width=\"1024\" height=\"685\" class=\"wp-image-668\" src=\"http:\/\/www.loszapateros.de\/wp-content\/uploads\/2019\/04\/word-image-14.jpeg\" srcset=\"https:\/\/www.loszapateros.de\/wp-content\/uploads\/2019\/04\/word-image-14.jpeg 1024w, https:\/\/www.loszapateros.de\/wp-content\/uploads\/2019\/04\/word-image-14-300x201.jpeg 300w, https:\/\/www.loszapateros.de\/wp-content\/uploads\/2019\/04\/word-image-14-768x514.jpeg 768w\" sizes=\"auto, (max-width: 1024px) 100vw, 1024px\" \/> {Mosimage}DSC_007<\/p>\n<p>samstag, 10.09.2011<\/p>\n<p>Erst jetzt sehen wir wo die Nacht verbracht haben. Ein h\u00fcbsches Pl\u00e4tzchen Erde:<\/p>\n<p><img loading=\"lazy\" decoding=\"async\" width=\"1024\" height=\"685\" class=\"wp-image-669\" src=\"http:\/\/www.loszapateros.de\/wp-content\/uploads\/2019\/04\/word-image-15.jpeg\" srcset=\"https:\/\/www.loszapateros.de\/wp-content\/uploads\/2019\/04\/word-image-15.jpeg 1024w, https:\/\/www.loszapateros.de\/wp-content\/uploads\/2019\/04\/word-image-15-300x201.jpeg 300w, https:\/\/www.loszapateros.de\/wp-content\/uploads\/2019\/04\/word-image-15-768x514.jpeg 768w\" sizes=\"auto, (max-width: 1024px) 100vw, 1024px\" \/> {Mosimage}DSC_013<\/p>\n<p><img loading=\"lazy\" decoding=\"async\" width=\"514\" height=\"768\" class=\"wp-image-670\" src=\"http:\/\/www.loszapateros.de\/wp-content\/uploads\/2019\/04\/word-image-16.jpeg\" srcset=\"https:\/\/www.loszapateros.de\/wp-content\/uploads\/2019\/04\/word-image-16.jpeg 514w, https:\/\/www.loszapateros.de\/wp-content\/uploads\/2019\/04\/word-image-16-201x300.jpeg 201w\" sizes=\"auto, (max-width: 514px) 100vw, 514px\" \/> {Mosimage}DSC_041<\/p>\n<p>Ein paar hundert Meter entfernt wird eine Wiese bew\u00e4ssert. Die Jungs nehmen eine Sprinklerdusche:<\/p>\n<p><img loading=\"lazy\" decoding=\"async\" width=\"514\" height=\"768\" class=\"wp-image-671\" src=\"http:\/\/www.loszapateros.de\/wp-content\/uploads\/2019\/04\/word-image-17.jpeg\" srcset=\"https:\/\/www.loszapateros.de\/wp-content\/uploads\/2019\/04\/word-image-17.jpeg 514w, https:\/\/www.loszapateros.de\/wp-content\/uploads\/2019\/04\/word-image-17-201x300.jpeg 201w\" sizes=\"auto, (max-width: 514px) 100vw, 514px\" \/> {Mosimage}DSC_040<\/p>\n<p>Auf dem weiteren Weg nach Vancouver machen wir Halt an einem See. Angeschwemmtes Treibholz hat hier einen Teppich gebildet und wir gehen eine Runde spazieren:<\/p>\n<p><img loading=\"lazy\" decoding=\"async\" width=\"1024\" height=\"685\" class=\"wp-image-672\" src=\"http:\/\/www.loszapateros.de\/wp-content\/uploads\/2019\/04\/word-image-18.jpeg\" srcset=\"https:\/\/www.loszapateros.de\/wp-content\/uploads\/2019\/04\/word-image-18.jpeg 1024w, https:\/\/www.loszapateros.de\/wp-content\/uploads\/2019\/04\/word-image-18-300x201.jpeg 300w, https:\/\/www.loszapateros.de\/wp-content\/uploads\/2019\/04\/word-image-18-768x514.jpeg 768w\" sizes=\"auto, (max-width: 1024px) 100vw, 1024px\" \/> {Mosimage}DSC_064<\/p>\n<p><img loading=\"lazy\" decoding=\"async\" width=\"514\" height=\"768\" class=\"wp-image-673\" src=\"http:\/\/www.loszapateros.de\/wp-content\/uploads\/2019\/04\/word-image-19.jpeg\" srcset=\"https:\/\/www.loszapateros.de\/wp-content\/uploads\/2019\/04\/word-image-19.jpeg 514w, https:\/\/www.loszapateros.de\/wp-content\/uploads\/2019\/04\/word-image-19-201x300.jpeg 201w\" sizes=\"auto, (max-width: 514px) 100vw, 514px\" \/> {Mosimage}DSC_067<\/p>\n<p><img loading=\"lazy\" decoding=\"async\" width=\"1024\" height=\"685\" class=\"wp-image-674\" src=\"http:\/\/www.loszapateros.de\/wp-content\/uploads\/2019\/04\/word-image-20.jpeg\" srcset=\"https:\/\/www.loszapateros.de\/wp-content\/uploads\/2019\/04\/word-image-20.jpeg 1024w, https:\/\/www.loszapateros.de\/wp-content\/uploads\/2019\/04\/word-image-20-300x201.jpeg 300w, https:\/\/www.loszapateros.de\/wp-content\/uploads\/2019\/04\/word-image-20-768x514.jpeg 768w\" sizes=\"auto, (max-width: 1024px) 100vw, 1024px\" \/> {Mosimage}DSC_069<\/p>\n<p>In Whistler machen wir Halt. Dort wurde ein Teil der Olympischen Winterspiele 2010 ausgetragen und es gibt den gr\u00f6\u00dften Bikerpark der Welt:<\/p>\n<p><img loading=\"lazy\" decoding=\"async\" width=\"1024\" height=\"685\" class=\"wp-image-675\" src=\"http:\/\/www.loszapateros.de\/wp-content\/uploads\/2019\/04\/word-image-21.jpeg\" srcset=\"https:\/\/www.loszapateros.de\/wp-content\/uploads\/2019\/04\/word-image-21.jpeg 1024w, https:\/\/www.loszapateros.de\/wp-content\/uploads\/2019\/04\/word-image-21-300x201.jpeg 300w, https:\/\/www.loszapateros.de\/wp-content\/uploads\/2019\/04\/word-image-21-768x514.jpeg 768w\" sizes=\"auto, (max-width: 1024px) 100vw, 1024px\" \/> {Mosimage}DSC_072<\/p>\n<p><img loading=\"lazy\" decoding=\"async\" width=\"1024\" height=\"685\" class=\"wp-image-676\" src=\"http:\/\/www.loszapateros.de\/wp-content\/uploads\/2019\/04\/word-image-22.jpeg\" srcset=\"https:\/\/www.loszapateros.de\/wp-content\/uploads\/2019\/04\/word-image-22.jpeg 1024w, https:\/\/www.loszapateros.de\/wp-content\/uploads\/2019\/04\/word-image-22-300x201.jpeg 300w, https:\/\/www.loszapateros.de\/wp-content\/uploads\/2019\/04\/word-image-22-768x514.jpeg 768w\" sizes=\"auto, (max-width: 1024px) 100vw, 1024px\" \/> {Mosimage}DSC_074<\/p>\n<p>Am sp\u00e4ten Nachmittag erreichen wir Vancouver. Wir checken in einem Hostel ein und suchen einen Liquor Shop auf. Und dann beginnt die ultimative Hangovernacht&#8230;.<\/p>\n<p><img loading=\"lazy\" decoding=\"async\" width=\"1024\" height=\"768\" class=\"wp-image-677\" src=\"http:\/\/www.loszapateros.de\/wp-content\/uploads\/2019\/04\/word-image-23.jpeg\" srcset=\"https:\/\/www.loszapateros.de\/wp-content\/uploads\/2019\/04\/word-image-23.jpeg 1024w, https:\/\/www.loszapateros.de\/wp-content\/uploads\/2019\/04\/word-image-23-300x225.jpeg 300w, https:\/\/www.loszapateros.de\/wp-content\/uploads\/2019\/04\/word-image-23-768x576.jpeg 768w\" sizes=\"auto, (max-width: 1024px) 100vw, 1024px\" \/> {Mosimage}DSCN_1854<\/p>\n<p><img loading=\"lazy\" decoding=\"async\" width=\"1024\" height=\"768\" class=\"wp-image-678\" src=\"http:\/\/www.loszapateros.de\/wp-content\/uploads\/2019\/04\/word-image-24.jpeg\" srcset=\"https:\/\/www.loszapateros.de\/wp-content\/uploads\/2019\/04\/word-image-24.jpeg 1024w, https:\/\/www.loszapateros.de\/wp-content\/uploads\/2019\/04\/word-image-24-300x225.jpeg 300w, https:\/\/www.loszapateros.de\/wp-content\/uploads\/2019\/04\/word-image-24-768x576.jpeg 768w\" sizes=\"auto, (max-width: 1024px) 100vw, 1024px\" \/> {Mosimage}DSCN_1855<\/p>\n<p><img loading=\"lazy\" decoding=\"async\" width=\"768\" height=\"1024\" class=\"wp-image-679\" src=\"http:\/\/www.loszapateros.de\/wp-content\/uploads\/2019\/04\/word-image-25.jpeg\" srcset=\"https:\/\/www.loszapateros.de\/wp-content\/uploads\/2019\/04\/word-image-25.jpeg 768w, https:\/\/www.loszapateros.de\/wp-content\/uploads\/2019\/04\/word-image-25-225x300.jpeg 225w\" sizes=\"auto, (max-width: 768px) 100vw, 768px\" \/> {Mosimage}DSCN_1859<\/p>\n<p><img loading=\"lazy\" decoding=\"async\" width=\"1024\" height=\"768\" class=\"wp-image-680\" src=\"http:\/\/www.loszapateros.de\/wp-content\/uploads\/2019\/04\/word-image-26.jpeg\" srcset=\"https:\/\/www.loszapateros.de\/wp-content\/uploads\/2019\/04\/word-image-26.jpeg 1024w, https:\/\/www.loszapateros.de\/wp-content\/uploads\/2019\/04\/word-image-26-300x225.jpeg 300w, https:\/\/www.loszapateros.de\/wp-content\/uploads\/2019\/04\/word-image-26-768x576.jpeg 768w\" sizes=\"auto, (max-width: 1024px) 100vw, 1024px\" \/> {Mosimage}DSCN_1862<\/p>\n<p><img loading=\"lazy\" decoding=\"async\" width=\"1024\" height=\"768\" class=\"wp-image-681\" src=\"http:\/\/www.loszapateros.de\/wp-content\/uploads\/2019\/04\/word-image-27.jpeg\" srcset=\"https:\/\/www.loszapateros.de\/wp-content\/uploads\/2019\/04\/word-image-27.jpeg 1024w, https:\/\/www.loszapateros.de\/wp-content\/uploads\/2019\/04\/word-image-27-300x225.jpeg 300w, https:\/\/www.loszapateros.de\/wp-content\/uploads\/2019\/04\/word-image-27-768x576.jpeg 768w\" sizes=\"auto, (max-width: 1024px) 100vw, 1024px\" \/> {Mosimage}DSCN_1865<\/p>\n<p><img loading=\"lazy\" decoding=\"async\" width=\"1024\" height=\"768\" class=\"wp-image-682\" src=\"http:\/\/www.loszapateros.de\/wp-content\/uploads\/2019\/04\/word-image-28.jpeg\" srcset=\"https:\/\/www.loszapateros.de\/wp-content\/uploads\/2019\/04\/word-image-28.jpeg 1024w, https:\/\/www.loszapateros.de\/wp-content\/uploads\/2019\/04\/word-image-28-300x225.jpeg 300w, https:\/\/www.loszapateros.de\/wp-content\/uploads\/2019\/04\/word-image-28-768x576.jpeg 768w\" sizes=\"auto, (max-width: 1024px) 100vw, 1024px\" \/> {Mosimage}DSCN_1868<\/p>\n<p><img loading=\"lazy\" decoding=\"async\" width=\"1024\" height=\"768\" class=\"wp-image-683\" src=\"http:\/\/www.loszapateros.de\/wp-content\/uploads\/2019\/04\/word-image-29.jpeg\" srcset=\"https:\/\/www.loszapateros.de\/wp-content\/uploads\/2019\/04\/word-image-29.jpeg 1024w, https:\/\/www.loszapateros.de\/wp-content\/uploads\/2019\/04\/word-image-29-300x225.jpeg 300w, https:\/\/www.loszapateros.de\/wp-content\/uploads\/2019\/04\/word-image-29-768x576.jpeg 768w\" sizes=\"auto, (max-width: 1024px) 100vw, 1024px\" \/> {Mosimage}DSCN_1876<\/p>\n<p>Sonntag, 11.09.2011<\/p>\n<p>Wir erholen uns den ganzen Tag von den Strapazen der Nacht. Den Abend lassen wir am Jericho Beach ausklingen. Von dort hat man einen super Blick auf die Skyline und noch dazu einen traumhaften Sonnenuntergang<\/p>\n<p><img loading=\"lazy\" decoding=\"async\" width=\"1024\" height=\"685\" class=\"wp-image-684\" src=\"http:\/\/www.loszapateros.de\/wp-content\/uploads\/2019\/04\/word-image-30.jpeg\" srcset=\"https:\/\/www.loszapateros.de\/wp-content\/uploads\/2019\/04\/word-image-30.jpeg 1024w, https:\/\/www.loszapateros.de\/wp-content\/uploads\/2019\/04\/word-image-30-300x201.jpeg 300w, https:\/\/www.loszapateros.de\/wp-content\/uploads\/2019\/04\/word-image-30-768x514.jpeg 768w\" sizes=\"auto, (max-width: 1024px) 100vw, 1024px\" \/> {Mosimage}DSC_0106<\/p>\n<p><img loading=\"lazy\" decoding=\"async\" width=\"1024\" height=\"685\" class=\"wp-image-685\" src=\"http:\/\/www.loszapateros.de\/wp-content\/uploads\/2019\/04\/word-image-31.jpeg\" srcset=\"https:\/\/www.loszapateros.de\/wp-content\/uploads\/2019\/04\/word-image-31.jpeg 1024w, https:\/\/www.loszapateros.de\/wp-content\/uploads\/2019\/04\/word-image-31-300x201.jpeg 300w, https:\/\/www.loszapateros.de\/wp-content\/uploads\/2019\/04\/word-image-31-768x514.jpeg 768w\" sizes=\"auto, (max-width: 1024px) 100vw, 1024px\" \/> {Mosimage}DSC_0137<\/p>\n<p><img loading=\"lazy\" decoding=\"async\" width=\"1024\" height=\"685\" class=\"wp-image-686\" src=\"http:\/\/www.loszapateros.de\/wp-content\/uploads\/2019\/04\/word-image-32.jpeg\" srcset=\"https:\/\/www.loszapateros.de\/wp-content\/uploads\/2019\/04\/word-image-32.jpeg 1024w, https:\/\/www.loszapateros.de\/wp-content\/uploads\/2019\/04\/word-image-32-300x201.jpeg 300w, https:\/\/www.loszapateros.de\/wp-content\/uploads\/2019\/04\/word-image-32-768x514.jpeg 768w\" sizes=\"auto, (max-width: 1024px) 100vw, 1024px\" \/> {Mosimage}DSC_0140<\/p>\n","protected":false},"excerpt":{"rendered":"<p>Reisebericht 7 Montag, 05.09.2011 Zur\u00fcck in Kanada fahren wir den Alaska Highway Richtung Whitehorse. Die Landschaft ist wieder mal supersch\u00f6n: {Mosimage}DSC_1799 {Mosimage}DSC_1823 {Mosimage}DSC_1831 An einem See drehen wir ein paar Runden im Wasser. {Mosimage}DSC_1809 An einem anderen See fahren wir uns im Sand fest. Ein kleiner Busch muss herhalten um<a class=\"moretag\" href=\"https:\/\/www.loszapateros.de\/?page_id=653\"> Weiterlesen<\/a><\/p>\n","protected":false},"author":1,"featured_media":0,"parent":0,"menu_order":0,"comment_status":"closed","ping_status":"closed","template":"","meta":{"footnotes":""},"class_list":["post-653","page","type-page","status-publish","hentry"],"_links":{"self":[{"href":"https:\/\/www.loszapateros.de\/index.php?rest_route=\/wp\/v2\/pages\/653","targetHints":{"allow":["GET"]}}],"collection":[{"href":"https:\/\/www.loszapateros.de\/index.php?rest_route=\/wp\/v2\/pages"}],"about":[{"href":"https:\/\/www.loszapateros.de\/index.php?rest_route=\/wp\/v2\/types\/page"}],"author":[{"embeddable":true,"href":"https:\/\/www.loszapateros.de\/index.php?rest_route=\/wp\/v2\/users\/1"}],"replies":[{"embeddable":true,"href":"https:\/\/www.loszapateros.de\/index.php?rest_route=%2Fwp%2Fv2%2Fcomments&post=653"}],"version-history":[{"count":1,"href":"https:\/\/www.loszapateros.de\/index.php?rest_route=\/wp\/v2\/pages\/653\/revisions"}],"predecessor-version":[{"id":688,"href":"https:\/\/www.loszapateros.de\/index.php?rest_route=\/wp\/v2\/pages\/653\/revisions\/688"}],"wp:attachment":[{"href":"https:\/\/www.loszapateros.de\/index.php?rest_route=%2Fwp%2Fv2%2Fmedia&parent=653"}],"curies":[{"name":"wp","href":"https:\/\/api.w.org\/{rel}","templated":true}]}}